{"id":7629,"date":"2021-10-14T09:22:28","date_gmt":"2021-10-14T12:22:28","guid":{"rendered":"https:\/\/www2.emco.mil.cl\/?page_id=7629"},"modified":"2025-05-14T11:31:46","modified_gmt":"2025-05-14T15:31:46","slug":"catalogacion-de-defensa-ocd","status":"publish","type":"page","link":"https:\/\/www.emco.mil.cl\/index.php\/catalogacion-de-defensa-ocd\/","title":{"rendered":"CATALOGACI\u00d3N DE DEFENSA OCD"},"content":{"rendered":"\t\t<div data-elementor-type=\"wp-page\" data-elementor-id=\"7629\" class=\"elementor elementor-7629\">\n\t\t\t\t\t\t<section class=\"elementor-section elementor-top-section elementor-element elementor-element-c7648af elementor-section-boxed elementor-section-height-default elementor-section-height-default\" data-id=\"c7648af\" data-element_type=\"section\">\n\t\t\t\t\t\t<div class=\"elementor-container elementor-column-gap-default\">\n\t\t\t\t\t<div class=\"elementor-column elementor-col-100 elementor-top-column elementor-element elementor-element-5204768\" data-id=\"5204768\" data-element_type=\"column\">\n\t\t\t<div class=\"elementor-widget-wrap elementor-element-populated\">\n\t\t\t\t\t\t<div class=\"elementor-element elementor-element-1f878b6 elementor-widget elementor-widget-image\" data-id=\"1f878b6\" data-element_type=\"widget\" data-widget_type=\"image.default\">\n\t\t\t\t<div class=\"elementor-widget-container\">\n\t\t\t\t\t\t\t\t\t\t\t\t\t\t\t<img fetchpriority=\"high\" decoding=\"async\" width=\"900\" height=\"400\" src=\"https:\/\/www.emco.mil.cl\/wp-content\/uploads\/2025\/05\/foto-cabecera-OCD.jpg\" class=\"attachment-large size-large wp-image-12775\" alt=\"\" srcset=\"https:\/\/www.emco.mil.cl\/wp-content\/uploads\/2025\/05\/foto-cabecera-OCD.jpg 900w, https:\/\/www.emco.mil.cl\/wp-content\/uploads\/2025\/05\/foto-cabecera-OCD-300x133.jpg 300w, https:\/\/www.emco.mil.cl\/wp-content\/uploads\/2025\/05\/foto-cabecera-OCD-768x341.jpg 768w\" sizes=\"(max-width: 900px) 100vw, 900px\" \/>\t\t\t\t\t\t\t\t\t\t\t\t\t\t\t<\/div>\n\t\t\t\t<\/div>\n\t\t\t\t\t<\/div>\n\t\t<\/div>\n\t\t\t\t\t<\/div>\n\t\t<\/section>\n\t\t\t\t<section class=\"elementor-section elementor-top-section elementor-element elementor-element-ea20dcd elementor-section-boxed elementor-section-height-default elementor-section-height-default\" data-id=\"ea20dcd\" data-element_type=\"section\">\n\t\t\t\t\t\t<div class=\"elementor-container elementor-column-gap-default\">\n\t\t\t\t\t<div class=\"elementor-column elementor-col-100 elementor-top-column elementor-element elementor-element-d2427f8\" data-id=\"d2427f8\" data-element_type=\"column\">\n\t\t\t<div class=\"elementor-widget-wrap elementor-element-populated\">\n\t\t\t\t\t\t<div class=\"elementor-element elementor-element-87eaa00 elementor-widget elementor-widget-accordion\" data-id=\"87eaa00\" data-element_type=\"widget\" data-widget_type=\"accordion.default\">\n\t\t\t\t<div class=\"elementor-widget-container\">\n\t\t\t\t\t\t\t<div class=\"elementor-accordion\">\n\t\t\t\t\t\t\t<div class=\"elementor-accordion-item\">\n\t\t\t\t\t<div id=\"elementor-tab-title-1421\" class=\"elementor-tab-title\" data-tab=\"1\" role=\"button\" aria-controls=\"elementor-tab-content-1421\" aria-expanded=\"false\">\n\t\t\t\t\t\t\t\t\t\t\t\t\t<span class=\"elementor-accordion-icon elementor-accordion-icon-left\" aria-hidden=\"true\">\n\t\t\t\t\t\t\t\t\t\t\t\t\t\t\t<span class=\"elementor-accordion-icon-closed\"><i class=\"fas fa-plus\"><\/i><\/span>\n\t\t\t\t\t\t\t\t<span class=\"elementor-accordion-icon-opened\"><i class=\"fas fa-minus\"><\/i><\/span>\n\t\t\t\t\t\t\t\t\t\t\t\t\t\t<\/span>\n\t\t\t\t\t\t\t\t\t\t\t\t<a class=\"elementor-accordion-title\" tabindex=\"0\">\u00bfQu\u00e9 es el Sistema OTAN de Catalogaci\u00f3n?<\/a>\n\t\t\t\t\t<\/div>\n\t\t\t\t\t<div id=\"elementor-tab-content-1421\" class=\"elementor-tab-content elementor-clearfix\" data-tab=\"1\" role=\"region\" aria-labelledby=\"elementor-tab-title-1421\"><p>El Sistema OTAN de Catalogaci\u00f3n (SOC) es un acuerdo internacional de estandarizaci\u00f3n que tiene por objetivo identificar, describir, clasificar y registrar de manera \u00fanica todos los art\u00edculos de abastecimiento militar \u2014tales como equipos, repuestos, armamento, municiones y suministros log\u00edsticos\u2014 a trav\u00e9s de un N\u00famero OTAN de Cat\u00e1logo (NATO Stock Number, NSN).<\/p><\/div>\n\t\t\t\t<\/div>\n\t\t\t\t\t\t\t<div class=\"elementor-accordion-item\">\n\t\t\t\t\t<div id=\"elementor-tab-title-1422\" class=\"elementor-tab-title\" data-tab=\"2\" role=\"button\" aria-controls=\"elementor-tab-content-1422\" aria-expanded=\"false\">\n\t\t\t\t\t\t\t\t\t\t\t\t\t<span class=\"elementor-accordion-icon elementor-accordion-icon-left\" aria-hidden=\"true\">\n\t\t\t\t\t\t\t\t\t\t\t\t\t\t\t<span class=\"elementor-accordion-icon-closed\"><i class=\"fas fa-plus\"><\/i><\/span>\n\t\t\t\t\t\t\t\t<span class=\"elementor-accordion-icon-opened\"><i class=\"fas fa-minus\"><\/i><\/span>\n\t\t\t\t\t\t\t\t\t\t\t\t\t\t<\/span>\n\t\t\t\t\t\t\t\t\t\t\t\t<a class=\"elementor-accordion-title\" tabindex=\"0\">\u00bfCu\u00e1l es el origen del Sistema OTAN de Catalogaci\u00f3n?<\/a>\n\t\t\t\t\t<\/div>\n\t\t\t\t\t<div id=\"elementor-tab-content-1422\" class=\"elementor-tab-content elementor-clearfix\" data-tab=\"2\" role=\"region\" aria-labelledby=\"elementor-tab-title-1422\"><p>El SOC se remonta a 1958, a\u00f1o en que fue implementado formalmente en el \u00e1mbito de la Organizaci\u00f3n del Tratado del Atl\u00e1ntico Norte (OTAN). Su estructura y principios operativos se basaron en el Sistema Federal de Catalogaci\u00f3n desarrollado por los Estados Unidos, adapt\u00e1ndose posteriormente a un entorno multinacional que facilita la interoperabilidad log\u00edstica entre los pa\u00edses aliados y asociados.<\/p><\/div>\n\t\t\t\t<\/div>\n\t\t\t\t\t\t\t<div class=\"elementor-accordion-item\">\n\t\t\t\t\t<div id=\"elementor-tab-title-1423\" class=\"elementor-tab-title\" data-tab=\"3\" role=\"button\" aria-controls=\"elementor-tab-content-1423\" aria-expanded=\"false\">\n\t\t\t\t\t\t\t\t\t\t\t\t\t<span class=\"elementor-accordion-icon elementor-accordion-icon-left\" aria-hidden=\"true\">\n\t\t\t\t\t\t\t\t\t\t\t\t\t\t\t<span class=\"elementor-accordion-icon-closed\"><i class=\"fas fa-plus\"><\/i><\/span>\n\t\t\t\t\t\t\t\t<span class=\"elementor-accordion-icon-opened\"><i class=\"fas fa-minus\"><\/i><\/span>\n\t\t\t\t\t\t\t\t\t\t\t\t\t\t<\/span>\n\t\t\t\t\t\t\t\t\t\t\t\t<a class=\"elementor-accordion-title\" tabindex=\"0\">\u00bfC\u00f3mo se integran los pa\u00edses Sistema OTAN de Catalogaci\u00f3n?<\/a>\n\t\t\t\t\t<\/div>\n\t\t\t\t\t<div id=\"elementor-tab-content-1423\" class=\"elementor-tab-content elementor-clearfix\" data-tab=\"3\" role=\"region\" aria-labelledby=\"elementor-tab-title-1423\"><p>Actualmente, el SOC cuenta con la participaci\u00f3n de 65 naciones, agrupadas en tres niveles de integraci\u00f3n:<\/p>\n<ul>\n<li>32 Pa\u00edses Miembros de la OTAN, con plena capacidad de catalogaci\u00f3n y gesti\u00f3n.<\/li>\n<li>18 Pa\u00edses Apadrinados Nivel 2, habilitados para catalogar sus propios art\u00edculos.<\/li>\n<li>15 Pa\u00edses Apadrinados Nivel 1, con acceso restringido a la visualizaci\u00f3n del cat\u00e1logo sin capacidad de catalogaci\u00f3n directa.<\/li>\n<\/ul><\/div>\n\t\t\t\t<\/div>\n\t\t\t\t\t\t\t<div class=\"elementor-accordion-item\">\n\t\t\t\t\t<div id=\"elementor-tab-title-1424\" class=\"elementor-tab-title\" data-tab=\"4\" role=\"button\" aria-controls=\"elementor-tab-content-1424\" aria-expanded=\"false\">\n\t\t\t\t\t\t\t\t\t\t\t\t\t<span class=\"elementor-accordion-icon elementor-accordion-icon-left\" aria-hidden=\"true\">\n\t\t\t\t\t\t\t\t\t\t\t\t\t\t\t<span class=\"elementor-accordion-icon-closed\"><i class=\"fas fa-plus\"><\/i><\/span>\n\t\t\t\t\t\t\t\t<span class=\"elementor-accordion-icon-opened\"><i class=\"fas fa-minus\"><\/i><\/span>\n\t\t\t\t\t\t\t\t\t\t\t\t\t\t<\/span>\n\t\t\t\t\t\t\t\t\t\t\t\t<a class=\"elementor-accordion-title\" tabindex=\"0\">\u00bfC\u00f3mo se administra el Sistema OTAN de Catalogaci\u00f3n?<\/a>\n\t\t\t\t\t<\/div>\n\t\t\t\t\t<div id=\"elementor-tab-content-1424\" class=\"elementor-tab-content elementor-clearfix\" data-tab=\"4\" role=\"region\" aria-labelledby=\"elementor-tab-title-1424\"><p>La administraci\u00f3n, actualizaci\u00f3n y supervisi\u00f3n del SOC recae en el <strong>Comit\u00e9 Aliado de Catalogaci\u00f3n AC-135<\/strong>, que es el organismo principal de la OTAN que gestiona el Sistema de Codificaci\u00f3n de la OTAN (NCS), y permite la estandarizaci\u00f3n de la identificaci\u00f3n de suministros militares a nivel internacional.<\/p>\n<p>Est\u00e1 compuesto por los Directores Nacionales de Catalogaci\u00f3n de los pa\u00edses participantes y opera bajo la autoridad de la Conferencia de Directores Nacionales de Armamento (CNAD) de la OTAN, teniendo como misi\u00f3n fundamental mejorar la eficiencia y la eficacia de los sistemas y operaciones log\u00edsticas a nivel global.<\/p>\n<p><em>Adem\u00e1s, el AC-135 mantiene un Memor\u00e1ndum de Entendimiento con la Agencia de Apoyo y Adquisiciones de la OTAN (NSPA), organismo encargado de apoyar la implementaci\u00f3n t\u00e9cnica y operativa del sistema.<\/em><\/p><\/div>\n\t\t\t\t<\/div>\n\t\t\t\t\t\t\t<div class=\"elementor-accordion-item\">\n\t\t\t\t\t<div id=\"elementor-tab-title-1425\" class=\"elementor-tab-title\" data-tab=\"5\" role=\"button\" aria-controls=\"elementor-tab-content-1425\" aria-expanded=\"false\">\n\t\t\t\t\t\t\t\t\t\t\t\t\t<span class=\"elementor-accordion-icon elementor-accordion-icon-left\" aria-hidden=\"true\">\n\t\t\t\t\t\t\t\t\t\t\t\t\t\t\t<span class=\"elementor-accordion-icon-closed\"><i class=\"fas fa-plus\"><\/i><\/span>\n\t\t\t\t\t\t\t\t<span class=\"elementor-accordion-icon-opened\"><i class=\"fas fa-minus\"><\/i><\/span>\n\t\t\t\t\t\t\t\t\t\t\t\t\t\t<\/span>\n\t\t\t\t\t\t\t\t\t\t\t\t<a class=\"elementor-accordion-title\" tabindex=\"0\">Oficina de Catalogaci\u00f3n de Defensa (OCD) del EMCO<\/a>\n\t\t\t\t\t<\/div>\n\t\t\t\t\t<div id=\"elementor-tab-content-1425\" class=\"elementor-tab-content elementor-clearfix\" data-tab=\"5\" role=\"region\" aria-labelledby=\"elementor-tab-title-1425\"><p>Reconociendo la importancia estrat\u00e9gica de la estandarizaci\u00f3n y modernizaci\u00f3n de los procesos log\u00edsticos, en el a\u00f1o 2004 se cre\u00f3 en Chile la Oficina de Catalogaci\u00f3n de la Defensa (OCD), dependiente del Estado Mayor Conjunto (EMCO).<\/p>\n<p>La Misi\u00f3n de la OCD es:<\/p>\n<p>\u00abAdministrar y operar el Sistema de Catalogaci\u00f3n de Defensa, garantizando la aplicaci\u00f3n de las normativas y procedimientos del Sistema OTAN de Catalogaci\u00f3n, contribuyendo de este modo al fortalecimiento de los sistemas de administraci\u00f3n log\u00edstica de las Fuerzas Armadas.\u00bb<\/p><\/div>\n\t\t\t\t<\/div>\n\t\t\t\t\t\t\t<div class=\"elementor-accordion-item\">\n\t\t\t\t\t<div id=\"elementor-tab-title-1426\" class=\"elementor-tab-title\" data-tab=\"6\" role=\"button\" aria-controls=\"elementor-tab-content-1426\" aria-expanded=\"false\">\n\t\t\t\t\t\t\t\t\t\t\t\t\t<span class=\"elementor-accordion-icon elementor-accordion-icon-left\" aria-hidden=\"true\">\n\t\t\t\t\t\t\t\t\t\t\t\t\t\t\t<span class=\"elementor-accordion-icon-closed\"><i class=\"fas fa-plus\"><\/i><\/span>\n\t\t\t\t\t\t\t\t<span class=\"elementor-accordion-icon-opened\"><i class=\"fas fa-minus\"><\/i><\/span>\n\t\t\t\t\t\t\t\t\t\t\t\t\t\t<\/span>\n\t\t\t\t\t\t\t\t\t\t\t\t<a class=\"elementor-accordion-title\" tabindex=\"0\">\u00bfC\u00f3mo opera la Oficina de Catalogaci\u00f3n de Defensa (OCD) del EMCO?<\/a>\n\t\t\t\t\t<\/div>\n\t\t\t\t\t<div id=\"elementor-tab-content-1426\" class=\"elementor-tab-content elementor-clearfix\" data-tab=\"6\" role=\"region\" aria-labelledby=\"elementor-tab-title-1426\"><p>Act\u00faa como representante nacional ante el Comit\u00e9 AC-135 (organismo OTAN que gestiona el Sistema de Codificaci\u00f3n de la OTAN (NCS)) participando en las reuniones y foros t\u00e9cnicos internacionales y liderando la implementaci\u00f3n y supervisi\u00f3n de las normativas de catalogaci\u00f3n en el pa\u00eds.<\/p>\n<p>Asimismo, tiene la responsabilidad de coordinar con las diferentes Instituciones de la Defensa (Ej\u00e9rcito, Armada y Fuerza A\u00e9rea) y con las Empresas de Defensa Aut\u00f3nomas del Estado (FAMAE, ASMAR y ENAER), las cuales han establecido sus respectivas Oficinas de Catalogaci\u00f3n Institucionales, trabajo conjunto que permite asegurar la coherencia en la aplicaci\u00f3n de los est\u00e1ndares de catalogaci\u00f3n, promoviendo una gesti\u00f3n log\u00edstica moderna, eficiente y alineada con las mejores pr\u00e1cticas internacionales.<\/p><\/div>\n\t\t\t\t<\/div>\n\t\t\t\t\t\t\t<div class=\"elementor-accordion-item\">\n\t\t\t\t\t<div id=\"elementor-tab-title-1427\" class=\"elementor-tab-title\" data-tab=\"7\" role=\"button\" aria-controls=\"elementor-tab-content-1427\" aria-expanded=\"false\">\n\t\t\t\t\t\t\t\t\t\t\t\t\t<span class=\"elementor-accordion-icon elementor-accordion-icon-left\" aria-hidden=\"true\">\n\t\t\t\t\t\t\t\t\t\t\t\t\t\t\t<span class=\"elementor-accordion-icon-closed\"><i class=\"fas fa-plus\"><\/i><\/span>\n\t\t\t\t\t\t\t\t<span class=\"elementor-accordion-icon-opened\"><i class=\"fas fa-minus\"><\/i><\/span>\n\t\t\t\t\t\t\t\t\t\t\t\t\t\t<\/span>\n\t\t\t\t\t\t\t\t\t\t\t\t<a class=\"elementor-accordion-title\" tabindex=\"0\">\u00bfC\u00f3mo se prepara la Oficina de Catalogaci\u00f3n de Defensa (OCD) del EMCO para el presente a\u00f1o?<\/a>\n\t\t\t\t\t<\/div>\n\t\t\t\t\t<div id=\"elementor-tab-content-1427\" class=\"elementor-tab-content elementor-clearfix\" data-tab=\"7\" role=\"region\" aria-labelledby=\"elementor-tab-title-1427\"><p>Con el fin de fortalecer la capacidad nacional de catalogaci\u00f3n y de avanzar hacia una mayor integraci\u00f3n en el Sistema OTAN de Catalogaci\u00f3n, en el a\u00f1o 2025 el Estado Mayor Conjunto adquiri\u00f3 el software especializado MC-CATALOGUE a la empresa AURA, de la Rep\u00fablica Checa. Esta herramienta de \u00faltima generaci\u00f3n permitir\u00e1:<\/p>\n<ul>\n<li>Implementar procesos de catalogaci\u00f3n conjunta entre la Oficina de Catalogaci\u00f3n de la Defensa y las Oficinas Institucionales.<\/li>\n<li>Catalogar de manera sistem\u00e1tica los art\u00edculos de abastecimiento fabricados en el territorio nacional.<\/li>\n<li>Mejorar la trazabilidad, interoperabilidad y disponibilidad de los datos log\u00edsticos.<\/li>\n<\/ul><\/div>\n\t\t\t\t<\/div>\n\t\t\t\t\t\t\t<div class=\"elementor-accordion-item\">\n\t\t\t\t\t<div id=\"elementor-tab-title-1428\" class=\"elementor-tab-title\" data-tab=\"8\" role=\"button\" aria-controls=\"elementor-tab-content-1428\" aria-expanded=\"false\">\n\t\t\t\t\t\t\t\t\t\t\t\t\t<span class=\"elementor-accordion-icon elementor-accordion-icon-left\" aria-hidden=\"true\">\n\t\t\t\t\t\t\t\t\t\t\t\t\t\t\t<span class=\"elementor-accordion-icon-closed\"><i class=\"fas fa-plus\"><\/i><\/span>\n\t\t\t\t\t\t\t\t<span class=\"elementor-accordion-icon-opened\"><i class=\"fas fa-minus\"><\/i><\/span>\n\t\t\t\t\t\t\t\t\t\t\t\t\t\t<\/span>\n\t\t\t\t\t\t\t\t\t\t\t\t<a class=\"elementor-accordion-title\" tabindex=\"0\">\u00bfEn qu\u00e9 contribuye la implementaci\u00f3n del software especializado?<\/a>\n\t\t\t\t\t<\/div>\n\t\t\t\t\t<div id=\"elementor-tab-content-1428\" class=\"elementor-tab-content elementor-clearfix\" data-tab=\"8\" role=\"region\" aria-labelledby=\"elementor-tab-title-1428\"><p>La implementaci\u00f3n de este software constituye un paso fundamental para que Chile pueda solicitar formalmente su ascenso a la categor\u00eda de Pa\u00eds Apadrinado Nivel 2 dentro del SOC, lo que permitir\u00e1 al pa\u00eds realizar procesos de catalogaci\u00f3n propios de manera aut\u00f3noma.<\/p>\n<p>\u00a0<\/p>\n<p>Se proyecta que esta solicitud sea oficializada durante el segundo semestre de 2025, marcando un hito en la evoluci\u00f3n de la administraci\u00f3n log\u00edstica de la Defensa Nacional, siendo un reflejo de la integraci\u00f3n progresiva de Chile en el Sistema OTAN de Catalogaci\u00f3n y del compromiso permanente del Estado Mayor Conjunto y de las Fuerzas Armadas con la modernizaci\u00f3n, estandarizaci\u00f3n y eficiencia de sus procesos log\u00edsticos.<\/p><\/div>\n\t\t\t\t<\/div>\n\t\t\t\t\t\t\t\t<\/div>\n\t\t\t\t\t\t<\/div>\n\t\t\t\t<\/div>\n\t\t\t\t\t<\/div>\n\t\t<\/div>\n\t\t\t\t\t<\/div>\n\t\t<\/section>\n\t\t\t\t<section class=\"elementor-section elementor-top-section elementor-element elementor-element-348911e elementor-section-boxed elementor-section-height-default elementor-section-height-default\" data-id=\"348911e\" data-element_type=\"section\">\n\t\t\t\t\t\t<div class=\"elementor-container elementor-column-gap-default\">\n\t\t\t\t\t<div class=\"elementor-column elementor-col-100 elementor-top-column elementor-element elementor-element-ffbf7fa\" data-id=\"ffbf7fa\" data-element_type=\"column\">\n\t\t\t<div class=\"elementor-widget-wrap elementor-element-populated\">\n\t\t\t\t\t\t<div class=\"elementor-element elementor-element-9dbaa69 elementor-widget elementor-widget-image-gallery\" data-id=\"9dbaa69\" data-element_type=\"widget\" data-widget_type=\"image-gallery.default\">\n\t\t\t\t<div class=\"elementor-widget-container\">\n\t\t\t\t\t\t\t<div class=\"elementor-image-gallery\">\n\t\t\t<div id='gallery-1' class='gallery galleryid-7629 gallery-columns-2 gallery-size-medium'><figure class='gallery-item'>\n\t\t\t<div class='gallery-icon landscape'>\n\t\t\t\t<a data-elementor-open-lightbox=\"yes\" data-elementor-lightbox-slideshow=\"9dbaa69\" data-e-action-hash=\"#elementor-action%3Aaction%3Dlightbox%26settings%3DeyJpZCI6MTI3NzYsInVybCI6Imh0dHBzOlwvXC93d3cuZW1jby5taWwuY2xcL3dwLWNvbnRlbnRcL3VwbG9hZHNcLzIwMjVcLzA1XC9PQ0QxLmpwZyIsInNsaWRlc2hvdyI6IjlkYmFhNjkifQ%3D%3D\" href='https:\/\/www.emco.mil.cl\/wp-content\/uploads\/2025\/05\/OCD1.jpg'><img decoding=\"async\" width=\"300\" height=\"200\" src=\"https:\/\/www.emco.mil.cl\/wp-content\/uploads\/2025\/05\/OCD1-300x200.jpg\" class=\"attachment-medium size-medium\" alt=\"\" srcset=\"https:\/\/www.emco.mil.cl\/wp-content\/uploads\/2025\/05\/OCD1-300x200.jpg 300w, https:\/\/www.emco.mil.cl\/wp-content\/uploads\/2025\/05\/OCD1-768x512.jpg 768w, https:\/\/www.emco.mil.cl\/wp-content\/uploads\/2025\/05\/OCD1.jpg 900w\" sizes=\"(max-width: 300px) 100vw, 300px\" \/><\/a>\n\t\t\t<\/div><\/figure><figure class='gallery-item'>\n\t\t\t<div class='gallery-icon landscape'>\n\t\t\t\t<a data-elementor-open-lightbox=\"yes\" data-elementor-lightbox-slideshow=\"9dbaa69\" data-e-action-hash=\"#elementor-action%3Aaction%3Dlightbox%26settings%3DeyJpZCI6MTI3NzcsInVybCI6Imh0dHBzOlwvXC93d3cuZW1jby5taWwuY2xcL3dwLWNvbnRlbnRcL3VwbG9hZHNcLzIwMjVcLzA1XC9PQ0QyLmpwZyIsInNsaWRlc2hvdyI6IjlkYmFhNjkifQ%3D%3D\" href='https:\/\/www.emco.mil.cl\/wp-content\/uploads\/2025\/05\/OCD2.jpg'><img decoding=\"async\" width=\"300\" height=\"200\" src=\"https:\/\/www.emco.mil.cl\/wp-content\/uploads\/2025\/05\/OCD2-300x200.jpg\" class=\"attachment-medium size-medium\" alt=\"\" srcset=\"https:\/\/www.emco.mil.cl\/wp-content\/uploads\/2025\/05\/OCD2-300x200.jpg 300w, https:\/\/www.emco.mil.cl\/wp-content\/uploads\/2025\/05\/OCD2-768x512.jpg 768w, https:\/\/www.emco.mil.cl\/wp-content\/uploads\/2025\/05\/OCD2.jpg 900w\" sizes=\"(max-width: 300px) 100vw, 300px\" \/><\/a>\n\t\t\t<\/div><\/figure><figure class='gallery-item'>\n\t\t\t<div class='gallery-icon landscape'>\n\t\t\t\t<a data-elementor-open-lightbox=\"yes\" data-elementor-lightbox-slideshow=\"9dbaa69\" data-e-action-hash=\"#elementor-action%3Aaction%3Dlightbox%26settings%3DeyJpZCI6MTI3NzgsInVybCI6Imh0dHBzOlwvXC93d3cuZW1jby5taWwuY2xcL3dwLWNvbnRlbnRcL3VwbG9hZHNcLzIwMjVcLzA1XC9PQ0QzLmpwZyIsInNsaWRlc2hvdyI6IjlkYmFhNjkifQ%3D%3D\" href='https:\/\/www.emco.mil.cl\/wp-content\/uploads\/2025\/05\/OCD3.jpg'><img loading=\"lazy\" decoding=\"async\" width=\"300\" height=\"200\" src=\"https:\/\/www.emco.mil.cl\/wp-content\/uploads\/2025\/05\/OCD3-300x200.jpg\" class=\"attachment-medium size-medium\" alt=\"\" srcset=\"https:\/\/www.emco.mil.cl\/wp-content\/uploads\/2025\/05\/OCD3-300x200.jpg 300w, https:\/\/www.emco.mil.cl\/wp-content\/uploads\/2025\/05\/OCD3-768x512.jpg 768w, https:\/\/www.emco.mil.cl\/wp-content\/uploads\/2025\/05\/OCD3.jpg 900w\" sizes=\"(max-width: 300px) 100vw, 300px\" \/><\/a>\n\t\t\t<\/div><\/figure><figure class='gallery-item'>\n\t\t\t<div class='gallery-icon landscape'>\n\t\t\t\t<a data-elementor-open-lightbox=\"yes\" data-elementor-lightbox-slideshow=\"9dbaa69\" data-e-action-hash=\"#elementor-action%3Aaction%3Dlightbox%26settings%3DeyJpZCI6MTI3NzksInVybCI6Imh0dHBzOlwvXC93d3cuZW1jby5taWwuY2xcL3dwLWNvbnRlbnRcL3VwbG9hZHNcLzIwMjVcLzA1XC9PQ0Q0LmpwZyIsInNsaWRlc2hvdyI6IjlkYmFhNjkifQ%3D%3D\" href='https:\/\/www.emco.mil.cl\/wp-content\/uploads\/2025\/05\/OCD4.jpg'><img loading=\"lazy\" decoding=\"async\" width=\"300\" height=\"200\" src=\"https:\/\/www.emco.mil.cl\/wp-content\/uploads\/2025\/05\/OCD4-300x200.jpg\" class=\"attachment-medium size-medium\" alt=\"\" srcset=\"https:\/\/www.emco.mil.cl\/wp-content\/uploads\/2025\/05\/OCD4-300x200.jpg 300w, https:\/\/www.emco.mil.cl\/wp-content\/uploads\/2025\/05\/OCD4-768x512.jpg 768w, https:\/\/www.emco.mil.cl\/wp-content\/uploads\/2025\/05\/OCD4.jpg 900w\" sizes=\"(max-width: 300px) 100vw, 300px\" \/><\/a>\n\t\t\t<\/div><\/figure><figure class='gallery-item'>\n\t\t\t<div class='gallery-icon landscape'>\n\t\t\t\t<a data-elementor-open-lightbox=\"yes\" data-elementor-lightbox-slideshow=\"9dbaa69\" data-e-action-hash=\"#elementor-action%3Aaction%3Dlightbox%26settings%3DeyJpZCI6MTI3ODAsInVybCI6Imh0dHBzOlwvXC93d3cuZW1jby5taWwuY2xcL3dwLWNvbnRlbnRcL3VwbG9hZHNcLzIwMjVcLzA1XC9PQ0Q1LmpwZyIsInNsaWRlc2hvdyI6IjlkYmFhNjkifQ%3D%3D\" href='https:\/\/www.emco.mil.cl\/wp-content\/uploads\/2025\/05\/OCD5.jpg'><img loading=\"lazy\" decoding=\"async\" width=\"300\" height=\"200\" src=\"https:\/\/www.emco.mil.cl\/wp-content\/uploads\/2025\/05\/OCD5-300x200.jpg\" class=\"attachment-medium size-medium\" alt=\"\" srcset=\"https:\/\/www.emco.mil.cl\/wp-content\/uploads\/2025\/05\/OCD5-300x200.jpg 300w, https:\/\/www.emco.mil.cl\/wp-content\/uploads\/2025\/05\/OCD5-768x512.jpg 768w, https:\/\/www.emco.mil.cl\/wp-content\/uploads\/2025\/05\/OCD5.jpg 900w\" sizes=\"(max-width: 300px) 100vw, 300px\" \/><\/a>\n\t\t\t<\/div><\/figure>\n\t\t<\/div>\n\t\t<\/div>\n\t\t\t\t\t\t<\/div>\n\t\t\t\t<\/div>\n\t\t\t\t\t<\/div>\n\t\t<\/div>\n\t\t\t\t\t<\/div>\n\t\t<\/section>\n\t\t\t\t<\/div>\n\t\t","protected":false},"excerpt":{"rendered":"<p>\u00bfQu\u00e9 es el Sistema OTAN de Catalogaci\u00f3n? El Sistema OTAN de Catalogaci\u00f3n (SOC) es un acuerdo internacional de estandarizaci\u00f3n que tiene por objetivo identificar, describir, clasificar y registrar de manera \u00fanica todos los art\u00edculos de abastecimiento militar \u2014tales como equipos, repuestos, armamento, municiones y suministros log\u00edsticos\u2014 a trav\u00e9s de un N\u00famero OTAN de Cat\u00e1logo (NATO&#8230;<\/p>\n","protected":false},"author":4,"featured_media":0,"parent":0,"menu_order":0,"comment_status":"closed","ping_status":"closed","template":"","meta":{"_kad_post_transparent":"","_kad_post_title":"","_kad_post_layout":"left","_kad_post_sidebar_id":"","_kad_post_content_style":"","_kad_post_vertical_padding":"","_kad_post_feature":"","_kad_post_feature_position":"","_kad_post_header":false,"_kad_post_footer":false,"footnotes":""},"class_list":["post-7629","page","type-page","status-publish","hentry"],"_links":{"self":[{"href":"https:\/\/www.emco.mil.cl\/index.php\/wp-json\/wp\/v2\/pages\/7629","targetHints":{"allow":["GET"]}}],"collection":[{"href":"https:\/\/www.emco.mil.cl\/index.php\/wp-json\/wp\/v2\/pages"}],"about":[{"href":"https:\/\/www.emco.mil.cl\/index.php\/wp-json\/wp\/v2\/types\/page"}],"author":[{"embeddable":true,"href":"https:\/\/www.emco.mil.cl\/index.php\/wp-json\/wp\/v2\/users\/4"}],"replies":[{"embeddable":true,"href":"https:\/\/www.emco.mil.cl\/index.php\/wp-json\/wp\/v2\/comments?post=7629"}],"version-history":[{"count":11,"href":"https:\/\/www.emco.mil.cl\/index.php\/wp-json\/wp\/v2\/pages\/7629\/revisions"}],"predecessor-version":[{"id":12784,"href":"https:\/\/www.emco.mil.cl\/index.php\/wp-json\/wp\/v2\/pages\/7629\/revisions\/12784"}],"wp:attachment":[{"href":"https:\/\/www.emco.mil.cl\/index.php\/wp-json\/wp\/v2\/media?parent=7629"}],"curies":[{"name":"wp","href":"https:\/\/api.w.org\/{rel}","templated":true}]}}