{"id":7502,"date":"2021-10-12T11:41:17","date_gmt":"2021-10-12T14:41:17","guid":{"rendered":"http:\/\/www2.emco.mil.cl\/?page_id=7502"},"modified":"2025-06-12T17:29:01","modified_gmt":"2025-06-12T21:29:01","slug":"jefatura","status":"publish","type":"page","link":"https:\/\/www.emco.mil.cl\/index.php\/jefatura\/","title":{"rendered":"JEFATURA"},"content":{"rendered":"\t\t<div data-elementor-type=\"wp-page\" data-elementor-id=\"7502\" class=\"elementor elementor-7502\">\n\t\t\t\t\t\t<section class=\"elementor-section elementor-top-section elementor-element elementor-element-b716dff elementor-section-boxed elementor-section-height-default elementor-section-height-default\" data-id=\"b716dff\" data-element_type=\"section\">\n\t\t\t\t\t\t<div class=\"elementor-container elementor-column-gap-default\">\n\t\t\t\t\t<div class=\"elementor-column elementor-col-100 elementor-top-column elementor-element elementor-element-7322699\" data-id=\"7322699\" data-element_type=\"column\">\n\t\t\t<div class=\"elementor-widget-wrap elementor-element-populated\">\n\t\t\t\t\t\t<div class=\"elementor-element elementor-element-39dcdb1 elementor-widget__width-initial elementor-widget elementor-widget-text-editor\" data-id=\"39dcdb1\" data-element_type=\"widget\" data-widget_type=\"text-editor.default\">\n\t\t\t\t<div class=\"elementor-widget-container\">\n\t\t\t\t\t\t\t\t\t<p>Asesor\u00eda directa e inmediata al Ministro de Defensa Nacional, en todo lo que diga relaci\u00f3n con el desarrollo y empleo conjunto de la fuerza. Ejercer\u00e1 el mando militar de las fuerzas terrestres, navales, a\u00e9reas y conjuntas asignadas a las operaciones, en conformidad a la planificaci\u00f3n secundaria de la defensa nacional. Ejercer\u00e1 el mando de las tropas y medios nacionales que participen en misiones de paz, quien ser\u00e1 la Autoridad Militar Nacional para tales efectos.<\/p>\t\t\t\t\t\t\t\t<\/div>\n\t\t\t\t<\/div>\n\t\t\t\t\t<\/div>\n\t\t<\/div>\n\t\t\t\t\t<\/div>\n\t\t<\/section>\n\t\t\t\t<section class=\"elementor-section elementor-top-section elementor-element elementor-element-dc0318c elementor-section-boxed elementor-section-height-default elementor-section-height-default\" data-id=\"dc0318c\" data-element_type=\"section\">\n\t\t\t\t\t\t<div class=\"elementor-container elementor-column-gap-default\">\n\t\t\t\t\t<div class=\"elementor-column elementor-col-100 elementor-top-column elementor-element elementor-element-7c90356\" data-id=\"7c90356\" data-element_type=\"column\">\n\t\t\t<div class=\"elementor-widget-wrap elementor-element-populated\">\n\t\t\t\t\t\t<div class=\"elementor-element elementor-element-36f6639 elementor-widget elementor-widget-image\" data-id=\"36f6639\" data-element_type=\"widget\" data-widget_type=\"image.default\">\n\t\t\t\t<div class=\"elementor-widget-container\">\n\t\t\t\t\t\t\t\t\t\t\t\t\t\t\t<img fetchpriority=\"high\" decoding=\"async\" width=\"900\" height=\"602\" src=\"https:\/\/www.emco.mil.cl\/wp-content\/uploads\/2025\/06\/0612portadainterna-cambiomando4.jpg\" class=\"attachment-large size-large wp-image-12907\" alt=\"\" srcset=\"https:\/\/www.emco.mil.cl\/wp-content\/uploads\/2025\/06\/0612portadainterna-cambiomando4.jpg 900w, https:\/\/www.emco.mil.cl\/wp-content\/uploads\/2025\/06\/0612portadainterna-cambiomando4-300x201.jpg 300w, https:\/\/www.emco.mil.cl\/wp-content\/uploads\/2025\/06\/0612portadainterna-cambiomando4-768x514.jpg 768w\" sizes=\"(max-width: 900px) 100vw, 900px\" \/>\t\t\t\t\t\t\t\t\t\t\t\t\t\t\t<\/div>\n\t\t\t\t<\/div>\n\t\t\t\t\t<\/div>\n\t\t<\/div>\n\t\t\t\t\t<\/div>\n\t\t<\/section>\n\t\t\t\t<\/div>\n\t\t","protected":false},"excerpt":{"rendered":"<p>Asesor\u00eda directa e inmediata al Ministro de Defensa Nacional, en todo lo que diga relaci\u00f3n con el desarrollo y empleo conjunto de la fuerza. Ejercer\u00e1 el mando militar de las fuerzas terrestres, navales, a\u00e9reas y conjuntas asignadas a las operaciones, en conformidad a la planificaci\u00f3n secundaria de la defensa nacional. Ejercer\u00e1 el mando de las&#8230;<\/p>\n","protected":false},"author":4,"featured_media":0,"parent":0,"menu_order":0,"comment_status":"closed","ping_status":"closed","template":"","meta":{"_kad_post_transparent":"","_kad_post_title":"","_kad_post_layout":"normal","_kad_post_sidebar_id":"","_kad_post_content_style":"","_kad_post_vertical_padding":"","_kad_post_feature":"","_kad_post_feature_position":"","_kad_post_header":false,"_kad_post_footer":false,"footnotes":""},"class_list":["post-7502","page","type-page","status-publish","hentry"],"_links":{"self":[{"href":"https:\/\/www.emco.mil.cl\/index.php\/wp-json\/wp\/v2\/pages\/7502","targetHints":{"allow":["GET"]}}],"collection":[{"href":"https:\/\/www.emco.mil.cl\/index.php\/wp-json\/wp\/v2\/pages"}],"about":[{"href":"https:\/\/www.emco.mil.cl\/index.php\/wp-json\/wp\/v2\/types\/page"}],"author":[{"embeddable":true,"href":"https:\/\/www.emco.mil.cl\/index.php\/wp-json\/wp\/v2\/users\/4"}],"replies":[{"embeddable":true,"href":"https:\/\/www.emco.mil.cl\/index.php\/wp-json\/wp\/v2\/comments?post=7502"}],"version-history":[{"count":13,"href":"https:\/\/www.emco.mil.cl\/index.php\/wp-json\/wp\/v2\/pages\/7502\/revisions"}],"predecessor-version":[{"id":12933,"href":"https:\/\/www.emco.mil.cl\/index.php\/wp-json\/wp\/v2\/pages\/7502\/revisions\/12933"}],"wp:attachment":[{"href":"https:\/\/www.emco.mil.cl\/index.php\/wp-json\/wp\/v2\/media?parent=7502"}],"curies":[{"name":"wp","href":"https:\/\/api.w.org\/{rel}","templated":true}]}}