{"id":71,"date":"2021-08-24T12:33:57","date_gmt":"2021-08-24T16:33:57","guid":{"rendered":"http:\/\/10.195.30.25\/?page_id=71"},"modified":"2021-08-26T16:55:02","modified_gmt":"2021-08-26T20:55:02","slug":"resena-historica-1970-2010","status":"publish","type":"page","link":"https:\/\/www.emco.mil.cl\/index.php\/resena-historica-1970-2010\/","title":{"rendered":"Rese\u00f1a hist\u00f3rica 1970-2010"},"content":{"rendered":"\n<p><strong>1970-2010<\/strong><\/p>\n\n\n\n<p>En el per\u00edodo 1970 -1971 concluy\u00f3, despu\u00e9s de un largo per\u00edodo de apreciaciones y reuniones, la totalidad de la Planificaci\u00f3n Secundaria con el trabajo coordinado del EMDN, Estados Mayores de cada Instituci\u00f3n, la Junta de Comandantes en Jefe y el Ministro de Defensa Nacional.<\/p>\n\n\n\n<p>En el a\u00f1o 1978 la situaci\u00f3n vecinal de Chile en el campo pol\u00edtico-estrat\u00e9gico era preocupante.<\/p>\n\n\n\n<p>Las relaciones diplom\u00e1ticas con Bolivia se hab\u00edan roto; se estaba en v\u00edsperas del Centenario de la Guerra del Pac\u00edfico y se viv\u00eda con Argentina un per\u00edodo de tensi\u00f3n derivado del fallo de S.M. Brit\u00e1nica por las diferencias lim\u00edtrofes en la zona del canal Beagle.&nbsp; Durante dicho per\u00edodo, el EMDN particip\u00f3 en el sistema permanente de consultas con el Jefe del Estado Mayor Conjunto|argentino e integr\u00f3 las comisiones de distensi\u00f3n, y un comit\u00e9 que se organiz\u00f3 al m\u00e1s alto nivel nacional para estudio y an\u00e1lisis de la crisis. A nivel de las FF.AA. se actualizaron todos los planes del nivel primario y secundario; se perfeccion\u00f3 el Centro de Operaciones de las FF.AA. y se coordinaron otras series de materias que permitieron que el pa\u00eds y las FF.AA. alcanzaran una preparaci\u00f3n que permitir\u00eda apoyar la diplomacia y, ante una eventual guerra, enfrentarla conforme a las tradiciones castrenses y del pueblo chileno. En julio de 1980 se dispuso una nueva organizaci\u00f3n general que ampli\u00f3 las atribuciones del Estado Mayor de la Defensa para abarcar materias de nivel nacional propias de las Fuerzas Armadas, a trav\u00e9s de la Direcci\u00f3n de Planificaci\u00f3n Primaria, como tambi\u00e9n en el \u00e1rea de Inteligencia de Defensa Nacional.&nbsp; Dentro de las materias que correspond\u00eda al EMDN, en su labor de coordinaci\u00f3n, se estableci\u00f3 que deb\u00eda regular un per\u00edodo conjunto que efectuaran las Academias de Guerra de las Instituciones de las FF.AA., lo que se materializ\u00f3 en 1979. A partir de entonces, el EMDN emitir\u00eda anualmente la Directiva Ministerial para la ejecuci\u00f3n de todos los ejercicios conjuntos que se realizan durante el a\u00f1o en diversas zonas del territorio nacional como, asimismo, con los ejercicios combinados<\/p>\n","protected":false},"excerpt":{"rendered":"<p>1970-2010 En el per\u00edodo 1970 -1971 concluy\u00f3, despu\u00e9s de un largo per\u00edodo de apreciaciones y reuniones, la totalidad de la Planificaci\u00f3n Secundaria con el trabajo coordinado del EMDN, Estados Mayores de cada Instituci\u00f3n, la Junta de Comandantes en Jefe y el Ministro de Defensa Nacional. En el a\u00f1o 1978 la situaci\u00f3n vecinal de Chile en&#8230;<\/p>\n","protected":false},"author":4,"featured_media":0,"parent":0,"menu_order":0,"comment_status":"closed","ping_status":"closed","template":"","meta":{"_kad_post_transparent":"","_kad_post_title":"","_kad_post_layout":"","_kad_post_sidebar_id":"","_kad_post_content_style":"","_kad_post_vertical_padding":"","_kad_post_feature":"","_kad_post_feature_position":"","_kad_post_header":false,"_kad_post_footer":false,"footnotes":""},"class_list":["post-71","page","type-page","status-publish","hentry"],"_links":{"self":[{"href":"https:\/\/www.emco.mil.cl\/index.php\/wp-json\/wp\/v2\/pages\/71","targetHints":{"allow":["GET"]}}],"collection":[{"href":"https:\/\/www.emco.mil.cl\/index.php\/wp-json\/wp\/v2\/pages"}],"about":[{"href":"https:\/\/www.emco.mil.cl\/index.php\/wp-json\/wp\/v2\/types\/page"}],"author":[{"embeddable":true,"href":"https:\/\/www.emco.mil.cl\/index.php\/wp-json\/wp\/v2\/users\/4"}],"replies":[{"embeddable":true,"href":"https:\/\/www.emco.mil.cl\/index.php\/wp-json\/wp\/v2\/comments?post=71"}],"version-history":[{"count":2,"href":"https:\/\/www.emco.mil.cl\/index.php\/wp-json\/wp\/v2\/pages\/71\/revisions"}],"predecessor-version":[{"id":373,"href":"https:\/\/www.emco.mil.cl\/index.php\/wp-json\/wp\/v2\/pages\/71\/revisions\/373"}],"wp:attachment":[{"href":"https:\/\/www.emco.mil.cl\/index.php\/wp-json\/wp\/v2\/media?parent=71"}],"curies":[{"name":"wp","href":"https:\/\/api.w.org\/{rel}","templated":true}]}}