{"id":630,"date":"2021-09-02T11:43:52","date_gmt":"2021-09-02T15:43:52","guid":{"rendered":"http:\/\/10.195.30.25\/?page_id=630"},"modified":"2021-10-27T10:28:43","modified_gmt":"2021-10-27T13:28:43","slug":"planificacion-estrategica","status":"publish","type":"page","link":"https:\/\/www.emco.mil.cl\/index.php\/planificacion-estrategica\/","title":{"rendered":"PLANIFICACI\u00d3N ESTRAT\u00c9GICA"},"content":{"rendered":"\n<p>La planificaci\u00f3n estrat\u00e9gica conjunta, es una de las principales actividades que cumple el Estado Mayor Conjunto, donde la direcci\u00f3n de Planificaci\u00f3n Conjunta realiza la tarea de materializar en planes las pol\u00edticas de Estado en materia de Defensa. Esta actividad se realiza mediante una permanente coordinaci\u00f3n y trabajo con la Subsecretaria de Defensa, nivel pol\u00edtico de la planificaci\u00f3n, e instituciones de la defensa, quienes aportan la fuerza que materializan los planes. Entre las principales actividades que realiza se pueden indicar las siguientes tareas permanentes:<\/p>\n\n\n\n<ul class=\"wp-block-list\"><li>Liderar el Grupo de Planificaci\u00f3n Estrat\u00e9gica del Estado Mayor Conjunto, encargado de realizar la confecci\u00f3n de los planes.<\/li><li>Elaborar, custodiar y mantener actualizada la planificaci\u00f3n estrat\u00e9gica, correspondiente al \u00c1rea de Misi\u00f3n Defensa de la soberan\u00eda e integridad territorial.<\/li><li>Priorizar e elaborar los otros Planes de Contingencia, asociados a las dem\u00e1s \u00c1reas de Misi\u00f3n y que generan la polivalencia de las Fuerzas Armadas.<\/li><li>Asesorar al Ministro de Defensa proponiendo el texto de los informes al Congreso Nacional sobre las pol\u00edticas y planes de la Defensa Nacional.<\/li><\/ul>\n\n\n\n<p>Asimismo, en el \u00e1mbito de desarrollo y empleo de la fuerza, esta direcci\u00f3n realiza las acciones de asegurar la correspondencia entre la planificaci\u00f3n secundaria (estrat\u00e9gica) y la planificaci\u00f3n institucional y operativa. De dicho contexto, se derivan las tareas permanentes de:<\/p>\n\n\n\n<ul class=\"wp-block-list\"><li>Mantener actualizada la planificaci\u00f3n del Nivel Estrat\u00e9gico de Desarrollo de la Fuerza basada en capacidades.<\/li><li>Participar en la evaluaci\u00f3n de los proyectos de adquisici\u00f3n e inversiones de las FF.AA.<\/li><li>Elaborar y proponer al Ministro de Defensa Nacional los proyectos de adquisici\u00f3n e inversi\u00f3n conjunta.<\/li><li>Proponer los antecedentes a ser incorporados en los informes al Congreso Nacional relativos a la planificaci\u00f3n de desarrollo de la fuerza y del estado de avance de su ejecuci\u00f3n, conforme a la nueva ley de financiamiento de las capacidades estrat\u00e9gicas N\u00ba13.196.<\/li><\/ul>\n\n\n<style>.kb-gallery-type-fluidcarousel.kb-gallery-id-_ae3eb2-e2 .kt-blocks-carousel .kt-blocks-carousel-init .kb-slide-item{padding:4px 5px;}.kb-gallery-type-fluidcarousel.kb-gallery-id-_ae3eb2-e2 .kt-blocks-carousel .kt-blocks-carousel-init.kb-carousel-mode-align-left .kb-slide-item{padding:4px 10px 4px 0;}.kb-gallery-id-_ae3eb2-e2.kb-gallery-ul.kb-gallery-type-fluidcarousel .kt-blocks-carousel figure .kb-gal-image-radius, .kb-gallery-id-_ae3eb2-e2.kb-gallery-ul.kb-gallery-type-fluidcarousel .kt-blocks-carousel figure .kb-gal-image-radius img{height:300px;}.kb-gallery-id-_ae3eb2-e2 .kadence-blocks-gallery-item .kb-gal-image-radius, .kb-gallery-id-_ae3eb2-e2 .kb-slide-item .kb-gal-image-radius img{border-radius:0px 0px 0px 0px;;}.kb-gallery-wrap-id-_ae3eb2-e2.wp-block-kadence-advancedgallery{overflow:visible;}.kb-gallery-wrap-id-_ae3eb2-e2.wp-block-kadence-advancedgallery .kt-blocks-carousel{overflow:visible;max-width:100%;}<\/style>\n<div class=\"wp-block-kadence-advancedgallery kb-gallery-wrap-id-_ae3eb2-e2\"><div class=\"kb-gallery-ul kb-gallery-type-fluidcarousel kb-gallery-id-_ae3eb2-e2 kb-gallery-caption-style-bottom-hover kb-gallery-filter-none\" data-image-filter=\"none\" data-lightbox-caption=\"true\"><div class=\"kt-blocks-carousel kt-carousel-container-dotstyle-dark\"><div class=\"kt-blocks-carousel-init kb-blocks-fluid-carousel kt-carousel-arrowstyle-whiteondark kt-carousel-dotstyle-dark\" data-slider-anim-speed=\"250\" data-slider-type=\"fluidcarousel\" data-slider-scroll=\"1\" data-slider-arrows=\"true\" data-slider-dots=\"true\" data-slider-hover-pause=\"false\" data-slider-auto=\"true\" data-slider-speed=\"3770\"><div class=\"kb-slide-item kb-gallery-carousel-item\"><div class=\"kadence-blocks-gallery-item\"><div class=\"kadence-blocks-gallery-item-inner\"><figure class=\"kb-gallery-figure kadence-blocks-gallery-item-hide-caption\"><div class=\"kb-gal-image-radius\"><div class=\"kb-gallery-image-contain\"><img fetchpriority=\"high\" decoding=\"async\" src=\"https:\/\/www.emco.mil.cl\/wp-content\/uploads\/2021\/10\/web-PlanConj1.jpg\" width=\"1024\" height=\"488\" alt=\"\" data-full-image=\"https:\/\/www.emco.mil.cl\/wp-content\/uploads\/2021\/10\/web-PlanConj1.jpg\" data-light-image=\"https:\/\/www.emco.mil.cl\/wp-content\/uploads\/2021\/10\/web-PlanConj1.jpg\" data-id=\"8042\" data-link=\"https:\/\/www.emco.mil.cl\/index.php\/planificacion-estrategica\/web-planconj1\/\" class=\"wp-image-8042 skip-lazy\" srcset=\"https:\/\/www.emco.mil.cl\/wp-content\/uploads\/2021\/10\/web-PlanConj1.jpg 1024w, https:\/\/www.emco.mil.cl\/wp-content\/uploads\/2021\/10\/web-PlanConj1-300x143.jpg 300w, https:\/\/www.emco.mil.cl\/wp-content\/uploads\/2021\/10\/web-PlanConj1-768x366.jpg 768w, https:\/\/www.emco.mil.cl\/wp-content\/uploads\/2021\/10\/web-PlanConj1-350x167.jpg 350w\" sizes=\"(max-width: 1024px) 100vw, 1024px\" \/><\/div><\/div><\/figure><\/div><\/div><\/div><div class=\"kb-slide-item kb-gallery-carousel-item\"><div class=\"kadence-blocks-gallery-item\"><div class=\"kadence-blocks-gallery-item-inner\"><figure class=\"kb-gallery-figure kadence-blocks-gallery-item-hide-caption\"><div class=\"kb-gal-image-radius\"><div class=\"kb-gallery-image-contain\"><img decoding=\"async\" src=\"https:\/\/www.emco.mil.cl\/wp-content\/uploads\/2021\/10\/web-PlanConj2.jpg\" width=\"1024\" height=\"488\" alt=\"\" data-full-image=\"https:\/\/www.emco.mil.cl\/wp-content\/uploads\/2021\/10\/web-PlanConj2.jpg\" data-light-image=\"https:\/\/www.emco.mil.cl\/wp-content\/uploads\/2021\/10\/web-PlanConj2.jpg\" data-id=\"8043\" data-link=\"https:\/\/www.emco.mil.cl\/index.php\/planificacion-estrategica\/web-planconj2\/\" class=\"wp-image-8043 skip-lazy\" srcset=\"https:\/\/www.emco.mil.cl\/wp-content\/uploads\/2021\/10\/web-PlanConj2.jpg 1024w, https:\/\/www.emco.mil.cl\/wp-content\/uploads\/2021\/10\/web-PlanConj2-300x143.jpg 300w, https:\/\/www.emco.mil.cl\/wp-content\/uploads\/2021\/10\/web-PlanConj2-768x366.jpg 768w, https:\/\/www.emco.mil.cl\/wp-content\/uploads\/2021\/10\/web-PlanConj2-350x167.jpg 350w\" sizes=\"(max-width: 1024px) 100vw, 1024px\" \/><\/div><\/div><\/figure><\/div><\/div><\/div><div class=\"kb-slide-item kb-gallery-carousel-item\"><div class=\"kadence-blocks-gallery-item\"><div class=\"kadence-blocks-gallery-item-inner\"><figure class=\"kb-gallery-figure kadence-blocks-gallery-item-hide-caption\"><div class=\"kb-gal-image-radius\"><div class=\"kb-gallery-image-contain\"><img decoding=\"async\" src=\"https:\/\/www.emco.mil.cl\/wp-content\/uploads\/2021\/10\/web-PlanConj3.jpg\" width=\"1024\" height=\"488\" alt=\"\" data-full-image=\"https:\/\/www.emco.mil.cl\/wp-content\/uploads\/2021\/10\/web-PlanConj3.jpg\" data-light-image=\"https:\/\/www.emco.mil.cl\/wp-content\/uploads\/2021\/10\/web-PlanConj3.jpg\" data-id=\"8044\" data-link=\"https:\/\/www.emco.mil.cl\/index.php\/planificacion-estrategica\/web-planconj3\/\" class=\"wp-image-8044 skip-lazy\" srcset=\"https:\/\/www.emco.mil.cl\/wp-content\/uploads\/2021\/10\/web-PlanConj3.jpg 1024w, https:\/\/www.emco.mil.cl\/wp-content\/uploads\/2021\/10\/web-PlanConj3-300x143.jpg 300w, https:\/\/www.emco.mil.cl\/wp-content\/uploads\/2021\/10\/web-PlanConj3-768x366.jpg 768w, https:\/\/www.emco.mil.cl\/wp-content\/uploads\/2021\/10\/web-PlanConj3-350x167.jpg 350w\" sizes=\"(max-width: 1024px) 100vw, 1024px\" \/><\/div><\/div><\/figure><\/div><\/div><\/div><\/div><\/div><\/div><\/div>\n","protected":false},"excerpt":{"rendered":"<p>La planificaci\u00f3n estrat\u00e9gica conjunta, es una de las principales actividades que cumple el Estado Mayor Conjunto, donde la direcci\u00f3n de Planificaci\u00f3n Conjunta realiza la tarea de materializar en planes las pol\u00edticas de Estado en materia de Defensa. Esta actividad se realiza mediante una permanente coordinaci\u00f3n y trabajo con la Subsecretaria de Defensa, nivel pol\u00edtico de&#8230;<\/p>\n","protected":false},"author":4,"featured_media":0,"parent":0,"menu_order":0,"comment_status":"closed","ping_status":"closed","template":"","meta":{"_kad_post_transparent":"","_kad_post_title":"","_kad_post_layout":"","_kad_post_sidebar_id":"","_kad_post_content_style":"","_kad_post_vertical_padding":"","_kad_post_feature":"","_kad_post_feature_position":"","_kad_post_header":false,"_kad_post_footer":false,"footnotes":""},"class_list":["post-630","page","type-page","status-publish","hentry"],"_links":{"self":[{"href":"https:\/\/www.emco.mil.cl\/index.php\/wp-json\/wp\/v2\/pages\/630","targetHints":{"allow":["GET"]}}],"collection":[{"href":"https:\/\/www.emco.mil.cl\/index.php\/wp-json\/wp\/v2\/pages"}],"about":[{"href":"https:\/\/www.emco.mil.cl\/index.php\/wp-json\/wp\/v2\/types\/page"}],"author":[{"embeddable":true,"href":"https:\/\/www.emco.mil.cl\/index.php\/wp-json\/wp\/v2\/users\/4"}],"replies":[{"embeddable":true,"href":"https:\/\/www.emco.mil.cl\/index.php\/wp-json\/wp\/v2\/comments?post=630"}],"version-history":[{"count":4,"href":"https:\/\/www.emco.mil.cl\/index.php\/wp-json\/wp\/v2\/pages\/630\/revisions"}],"predecessor-version":[{"id":8045,"href":"https:\/\/www.emco.mil.cl\/index.php\/wp-json\/wp\/v2\/pages\/630\/revisions\/8045"}],"wp:attachment":[{"href":"https:\/\/www.emco.mil.cl\/index.php\/wp-json\/wp\/v2\/media?parent=630"}],"curies":[{"name":"wp","href":"https:\/\/api.w.org\/{rel}","templated":true}]}}