{"id":624,"date":"2021-09-02T11:42:32","date_gmt":"2021-09-02T15:42:32","guid":{"rendered":"http:\/\/10.195.30.25\/?page_id=624"},"modified":"2021-10-20T11:28:46","modified_gmt":"2021-10-20T14:28:46","slug":"centro-de-operaciones-de-defensa","status":"publish","type":"page","link":"https:\/\/www.emco.mil.cl\/index.php\/centro-de-operaciones-de-defensa\/","title":{"rendered":"CENTRO DE OPERACIONES DE DEFENSA"},"content":{"rendered":"\n<p>El Puesto de Mando del Jefe del Estado Mayor Conjunto se denomina Centro de Operaciones de la Defensa (COD), donde se encuentran implementadas las capacidades de enlace y comunicaciones que conforman la red operativa de la defensa y permiten ejecutar las funciones propias de un Centro de Conducci\u00f3n Militar.&nbsp;<\/p>\n\n\n\n<p>La Ley 20.424, entrada en vigencia el 4 de febrero de 2010, reestructur\u00f3 el Ministerio de Defensa Nacional, y dio origen al Estado Mayor Conjunto (EMCO) se\u00f1alando entre sus principales cambios, la de ejercer la conducci\u00f3n de las fuerzas asignadas. En su art\u00edculo 1\u00ba precisa que \u201cEl Estado tiene el deber de resguardar la seguridad exterior del pa\u00eds y dar protecci\u00f3n a su poblaci\u00f3n\u201d, donde el Presidente de la Rep\u00fablica, sea en caso de crisis internacional como en guerra exterior, dispondr\u00e1 la activaci\u00f3n de los planes de la defensa nacional y \u201cordenar\u00e1 el empleo de las fuerzas militares, entregando el mando del Jefe del Estado Mayor Conjunto la conducci\u00f3n estrat\u00e9gica de los medios asignados\u201d.<\/p>\n\n\n\n<p>Asimismo, entre sus principales funciones, el Estado Mayor Conjunto debe \u201cservir como \u00f3rgano de asesor\u00eda y trabajo en la conducci\u00f3n estrat\u00e9gica para enfrentar las situaciones que puedan demandar los estados de excepci\u00f3n constitucionales y, en particular, los casos de guerra externa o crisis internacional que afecte a la seguridad exterior de la Rep\u00fablica\u201d (art\u00edculo 25 de la ley indicada)<\/p>\n\n\n\n<p>As\u00ed el COD permite materializar dos funciones principales. La primera, se relaciona con la coordinaci\u00f3n ante Emergencias y Cat\u00e1strofes en estados de excepci\u00f3n constitucionales, coordinando a los Jefes de la Defensa Nacional de acuerdo a requerimientos que obedecen al Plan Nacional para la Reducci\u00f3n de Riesgos y Desastres y bajo la Pol\u00edtica Nacional de la Reducci\u00f3n del Riesgo de Desastres. La segunda, corresponde a la principal funci\u00f3n que es la conducci\u00f3n estrat\u00e9gica de los medios asignados para la crisis y el empleo del potencial b\u00e9lico (EPB) en caso de guerra externa, donde el JEMCO ejercer\u00e1 el mando operacional de los medios de las Fuerzas Armadas como Conductor Estrat\u00e9gico.<\/p>\n\n\n\n<p>Para ambas funciones y tareas, el COD cuenta con m\u00faltiples capacidades que se basan en sistemas tecnol\u00f3gicos redundantes para mando y control, que permiten enlaces satelitales, HF y por fibra \u00f3ptica con unidades y reparticiones dependientes de las tres instituciones, abarcando desde Putre por el norte hasta la Ant\u00e1rtica Chilena, con enlaces en unidades navales a flote y en el territorio insular, empleando como principal medio para los enlaces la Red Operativa de la Defensa (ROD), la cual corresponde a una red segura, robusta y redundante para los enlaces entre los medios de la Defensa.<\/p>\n\n\n<style>.kb-gallery-type-fluidcarousel.kb-gallery-id-_6f52cf-3a .kt-blocks-carousel .kt-blocks-carousel-init .kb-slide-item{padding:4px 5px;}.kb-gallery-type-fluidcarousel.kb-gallery-id-_6f52cf-3a .kt-blocks-carousel .kt-blocks-carousel-init.kb-carousel-mode-align-left .kb-slide-item{padding:4px 10px 4px 0;}.kb-gallery-id-_6f52cf-3a.kb-gallery-ul.kb-gallery-type-fluidcarousel .kt-blocks-carousel figure .kb-gal-image-radius, .kb-gallery-id-_6f52cf-3a.kb-gallery-ul.kb-gallery-type-fluidcarousel .kt-blocks-carousel figure .kb-gal-image-radius img{height:300px;}.kb-gallery-id-_6f52cf-3a .kadence-blocks-gallery-item .kb-gal-image-radius, .kb-gallery-id-_6f52cf-3a .kb-slide-item .kb-gal-image-radius img{border-radius:0px 0px 0px 0px;;}.kb-gallery-wrap-id-_6f52cf-3a.wp-block-kadence-advancedgallery{overflow:visible;}.kb-gallery-wrap-id-_6f52cf-3a.wp-block-kadence-advancedgallery .kt-blocks-carousel{overflow:visible;max-width:100%;}<\/style>\n<div class=\"wp-block-kadence-advancedgallery kb-gallery-wrap-id-_6f52cf-3a\"><div class=\"kb-gallery-ul kb-gallery-type-fluidcarousel kb-gallery-id-_6f52cf-3a kb-gallery-caption-style-bottom-hover kb-gallery-filter-none\" data-image-filter=\"none\" data-lightbox-caption=\"true\"><div class=\"kt-blocks-carousel kt-carousel-container-dotstyle-dark\"><div class=\"kt-blocks-carousel-init kb-blocks-fluid-carousel kt-carousel-arrowstyle-whiteondark kt-carousel-dotstyle-dark\" data-slider-anim-speed=\"250\" data-slider-type=\"fluidcarousel\" data-slider-scroll=\"1\" data-slider-arrows=\"true\" data-slider-dots=\"true\" data-slider-hover-pause=\"false\" data-slider-auto=\"true\" data-slider-speed=\"3770\"><div class=\"kb-slide-item kb-gallery-carousel-item\"><div class=\"kadence-blocks-gallery-item\"><div class=\"kadence-blocks-gallery-item-inner\"><figure class=\"kb-gallery-figure kadence-blocks-gallery-item-hide-caption\"><div class=\"kb-gal-image-radius\"><div class=\"kb-gallery-image-contain\"><img fetchpriority=\"high\" decoding=\"async\" src=\"https:\/\/www.emco.mil.cl\/wp-content\/uploads\/2021\/10\/1-2.jpg\" width=\"1024\" height=\"488\" alt=\"\" data-full-image=\"https:\/\/www.emco.mil.cl\/wp-content\/uploads\/2021\/10\/1-2.jpg\" data-light-image=\"https:\/\/www.emco.mil.cl\/wp-content\/uploads\/2021\/10\/1-2.jpg\" data-id=\"7450\" data-link=\"https:\/\/www.emco.mil.cl\/index.php\/centro-de-operaciones-de-defensa\/1-4\/\" class=\"wp-image-7450 skip-lazy\" srcset=\"https:\/\/www.emco.mil.cl\/wp-content\/uploads\/2021\/10\/1-2.jpg 1024w, https:\/\/www.emco.mil.cl\/wp-content\/uploads\/2021\/10\/1-2-300x143.jpg 300w, https:\/\/www.emco.mil.cl\/wp-content\/uploads\/2021\/10\/1-2-768x366.jpg 768w, https:\/\/www.emco.mil.cl\/wp-content\/uploads\/2021\/10\/1-2-350x167.jpg 350w\" sizes=\"(max-width: 1024px) 100vw, 1024px\" \/><\/div><\/div><\/figure><\/div><\/div><\/div><div class=\"kb-slide-item kb-gallery-carousel-item\"><div class=\"kadence-blocks-gallery-item\"><div class=\"kadence-blocks-gallery-item-inner\"><figure class=\"kb-gallery-figure kadence-blocks-gallery-item-hide-caption\"><div class=\"kb-gal-image-radius\"><div class=\"kb-gallery-image-contain\"><img decoding=\"async\" src=\"https:\/\/www.emco.mil.cl\/wp-content\/uploads\/2021\/10\/2-2.jpg\" width=\"1024\" height=\"488\" alt=\"\" data-full-image=\"https:\/\/www.emco.mil.cl\/wp-content\/uploads\/2021\/10\/2-2.jpg\" data-light-image=\"https:\/\/www.emco.mil.cl\/wp-content\/uploads\/2021\/10\/2-2.jpg\" data-id=\"7451\" data-link=\"https:\/\/www.emco.mil.cl\/index.php\/centro-de-operaciones-de-defensa\/2-3\/\" class=\"wp-image-7451 skip-lazy\" srcset=\"https:\/\/www.emco.mil.cl\/wp-content\/uploads\/2021\/10\/2-2.jpg 1024w, https:\/\/www.emco.mil.cl\/wp-content\/uploads\/2021\/10\/2-2-300x143.jpg 300w, https:\/\/www.emco.mil.cl\/wp-content\/uploads\/2021\/10\/2-2-768x366.jpg 768w, https:\/\/www.emco.mil.cl\/wp-content\/uploads\/2021\/10\/2-2-350x167.jpg 350w\" sizes=\"(max-width: 1024px) 100vw, 1024px\" \/><\/div><\/div><\/figure><\/div><\/div><\/div><div class=\"kb-slide-item kb-gallery-carousel-item\"><div class=\"kadence-blocks-gallery-item\"><div class=\"kadence-blocks-gallery-item-inner\"><figure class=\"kb-gallery-figure kadence-blocks-gallery-item-hide-caption\"><div class=\"kb-gal-image-radius\"><div class=\"kb-gallery-image-contain\"><img decoding=\"async\" src=\"https:\/\/www.emco.mil.cl\/wp-content\/uploads\/2021\/10\/3-2.jpg\" width=\"1024\" height=\"488\" alt=\"\" data-full-image=\"https:\/\/www.emco.mil.cl\/wp-content\/uploads\/2021\/10\/3-2.jpg\" data-light-image=\"https:\/\/www.emco.mil.cl\/wp-content\/uploads\/2021\/10\/3-2.jpg\" data-id=\"7452\" data-link=\"https:\/\/www.emco.mil.cl\/index.php\/centro-de-operaciones-de-defensa\/3-3\/\" class=\"wp-image-7452 skip-lazy\" srcset=\"https:\/\/www.emco.mil.cl\/wp-content\/uploads\/2021\/10\/3-2.jpg 1024w, https:\/\/www.emco.mil.cl\/wp-content\/uploads\/2021\/10\/3-2-300x143.jpg 300w, https:\/\/www.emco.mil.cl\/wp-content\/uploads\/2021\/10\/3-2-768x366.jpg 768w, https:\/\/www.emco.mil.cl\/wp-content\/uploads\/2021\/10\/3-2-350x167.jpg 350w\" sizes=\"(max-width: 1024px) 100vw, 1024px\" \/><\/div><\/div><\/figure><\/div><\/div><\/div><div class=\"kb-slide-item kb-gallery-carousel-item\"><div class=\"kadence-blocks-gallery-item\"><div class=\"kadence-blocks-gallery-item-inner\"><figure class=\"kb-gallery-figure kadence-blocks-gallery-item-hide-caption\"><div class=\"kb-gal-image-radius\"><div class=\"kb-gallery-image-contain\"><img loading=\"lazy\" decoding=\"async\" src=\"https:\/\/www.emco.mil.cl\/wp-content\/uploads\/2021\/10\/4-2.jpg\" width=\"1024\" height=\"488\" alt=\"\" data-full-image=\"https:\/\/www.emco.mil.cl\/wp-content\/uploads\/2021\/10\/4-2.jpg\" data-light-image=\"https:\/\/www.emco.mil.cl\/wp-content\/uploads\/2021\/10\/4-2.jpg\" data-id=\"7453\" data-link=\"https:\/\/www.emco.mil.cl\/index.php\/centro-de-operaciones-de-defensa\/4-3\/\" class=\"wp-image-7453 skip-lazy\" srcset=\"https:\/\/www.emco.mil.cl\/wp-content\/uploads\/2021\/10\/4-2.jpg 1024w, https:\/\/www.emco.mil.cl\/wp-content\/uploads\/2021\/10\/4-2-300x143.jpg 300w, https:\/\/www.emco.mil.cl\/wp-content\/uploads\/2021\/10\/4-2-768x366.jpg 768w, https:\/\/www.emco.mil.cl\/wp-content\/uploads\/2021\/10\/4-2-350x167.jpg 350w\" sizes=\"(max-width: 1024px) 100vw, 1024px\" \/><\/div><\/div><\/figure><\/div><\/div><\/div><\/div><\/div><\/div><\/div>\n","protected":false},"excerpt":{"rendered":"<p>El Puesto de Mando del Jefe del Estado Mayor Conjunto se denomina Centro de Operaciones de la Defensa (COD), donde se encuentran implementadas las capacidades de enlace y comunicaciones que conforman la red operativa de la defensa y permiten ejecutar las funciones propias de un Centro de Conducci\u00f3n Militar.&nbsp; La Ley 20.424, entrada en vigencia&#8230;<\/p>\n","protected":false},"author":4,"featured_media":0,"parent":0,"menu_order":0,"comment_status":"closed","ping_status":"closed","template":"","meta":{"_kad_post_transparent":"","_kad_post_title":"","_kad_post_layout":"","_kad_post_sidebar_id":"","_kad_post_content_style":"","_kad_post_vertical_padding":"","_kad_post_feature":"","_kad_post_feature_position":"","_kad_post_header":false,"_kad_post_footer":false,"footnotes":""},"class_list":["post-624","page","type-page","status-publish","hentry"],"_links":{"self":[{"href":"https:\/\/www.emco.mil.cl\/index.php\/wp-json\/wp\/v2\/pages\/624","targetHints":{"allow":["GET"]}}],"collection":[{"href":"https:\/\/www.emco.mil.cl\/index.php\/wp-json\/wp\/v2\/pages"}],"about":[{"href":"https:\/\/www.emco.mil.cl\/index.php\/wp-json\/wp\/v2\/types\/page"}],"author":[{"embeddable":true,"href":"https:\/\/www.emco.mil.cl\/index.php\/wp-json\/wp\/v2\/users\/4"}],"replies":[{"embeddable":true,"href":"https:\/\/www.emco.mil.cl\/index.php\/wp-json\/wp\/v2\/comments?post=624"}],"version-history":[{"count":6,"href":"https:\/\/www.emco.mil.cl\/index.php\/wp-json\/wp\/v2\/pages\/624\/revisions"}],"predecessor-version":[{"id":7880,"href":"https:\/\/www.emco.mil.cl\/index.php\/wp-json\/wp\/v2\/pages\/624\/revisions\/7880"}],"wp:attachment":[{"href":"https:\/\/www.emco.mil.cl\/index.php\/wp-json\/wp\/v2\/media?parent=624"}],"curies":[{"name":"wp","href":"https:\/\/api.w.org\/{rel}","templated":true}]}}