{"id":484,"date":"2021-09-01T12:24:59","date_gmt":"2021-09-01T16:24:59","guid":{"rendered":"http:\/\/10.195.30.25\/?page_id=484"},"modified":"2021-10-20T15:57:59","modified_gmt":"2021-10-20T18:57:59","slug":"funciones","status":"publish","type":"page","link":"https:\/\/www.emco.mil.cl\/index.php\/funciones\/","title":{"rendered":"FUNCIONES"},"content":{"rendered":"<style>.wp-block-kadence-advancedheading.kt-adv-heading_24b478-22, .wp-block-kadence-advancedheading.kt-adv-heading_24b478-22[data-kb-block=\"kb-adv-heading_24b478-22\"]{text-align:center;font-style:normal;}.wp-block-kadence-advancedheading.kt-adv-heading_24b478-22 mark.kt-highlight, .wp-block-kadence-advancedheading.kt-adv-heading_24b478-22[data-kb-block=\"kb-adv-heading_24b478-22\"] mark.kt-highlight{font-style:normal;color:#f76a0c;-webkit-box-decoration-break:clone;box-decoration-break:clone;padding-top:0px;padding-right:0px;padding-bottom:0px;padding-left:0px;}<\/style>\n<h6 class=\"kt-adv-heading_24b478-22 wp-block-kadence-advancedheading\" data-kb-block=\"kb-adv-heading_24b478-22\">Ley 20.424, T\u00edtulo III, Art\u00edculo 25<\/h6>\n\n\n<style>#kt-layout-id_fc9b68-e7 > .kt-row-column-wrap{align-content:start;}:where(#kt-layout-id_fc9b68-e7 > .kt-row-column-wrap) > .wp-block-kadence-column{justify-content:start;}#kt-layout-id_fc9b68-e7 > .kt-row-column-wrap{column-gap:var(--global-kb-gap-md, 2rem);row-gap:var(--global-kb-gap-md, 2rem);padding-top:var( --global-kb-row-default-top, 25px );padding-bottom:var( --global-kb-row-default-bottom, 25px );padding-top:var(--global-kb-spacing-sm, 1.5rem);padding-bottom:var(--global-kb-spacing-sm, 1.5rem);grid-template-columns:minmax(0, calc(10% - ((var(--global-kb-gap-md, 2rem) * 2 )\/3)))minmax(0, calc(80% - ((var(--global-kb-gap-md, 2rem) * 2 )\/3)))minmax(0, calc(10% - ((var(--global-kb-gap-md, 2rem) * 2 )\/3)));}#kt-layout-id_fc9b68-e7 > .kt-row-layout-overlay{opacity:0.30;}@media all and (max-width: 1024px){#kt-layout-id_fc9b68-e7 > .kt-row-column-wrap > div:not(.added-for-specificity){grid-column:initial;}}@media all and (max-width: 1024px){#kt-layout-id_fc9b68-e7 > .kt-row-column-wrap{grid-template-columns:repeat(3, minmax(0, 1fr));}}@media all and (max-width: 767px){#kt-layout-id_fc9b68-e7 > .kt-row-column-wrap > div:not(.added-for-specificity){grid-column:initial;}#kt-layout-id_fc9b68-e7 > .kt-row-column-wrap{grid-template-columns:minmax(0, 1fr);}}<\/style>\n<div class=\"wp-block-kadence-rowlayout alignnone\"><div id=\"kt-layout-id_fc9b68-e7\" class=\"kt-row-layout-inner kt-layout-id_fc9b68-e7\"><div class=\"kt-row-column-wrap kt-has-3-columns kt-gutter-default kt-v-gutter-default kt-row-valign-top kt-row-layout-equal kt-tab-layout-inherit kt-m-colapse-left-to-right kt-mobile-layout-row  kt-custom-first-width-10  kt-custom-second-width-80  kt-custom-third-width-10\"><style>.kadence-column_642c70-b8 > .kt-inside-inner-col{border-top-width:0px;border-right-width:0px;border-bottom-width:0px;border-left-width:0px;}.kadence-column_642c70-b8 > .kt-inside-inner-col,.kadence-column_642c70-b8 > .kt-inside-inner-col:before{border-top-left-radius:0px;border-top-right-radius:0px;border-bottom-right-radius:0px;border-bottom-left-radius:0px;}.kadence-column_642c70-b8 > .kt-inside-inner-col{column-gap:var(--global-kb-gap-sm, 1rem);}.kadence-column_642c70-b8 > .kt-inside-inner-col{flex-direction:column;}.kadence-column_642c70-b8 > .kt-inside-inner-col > .aligncenter{width:100%;}.kadence-column_642c70-b8 > .kt-inside-inner-col:before{opacity:0.3;}.kadence-column_642c70-b8{position:relative;}@media all and (max-width: 1024px){.kadence-column_642c70-b8 > .kt-inside-inner-col{flex-direction:column;justify-content:center;}}@media all and (max-width: 767px){.kadence-column_642c70-b8 > .kt-inside-inner-col{flex-direction:column;justify-content:center;}}<\/style>\n<div class=\"wp-block-kadence-column inner-column-1 kadence-column_642c70-b8\"><div class=\"kt-inside-inner-col\"><\/div><\/div>\n\n\n<style>.kadence-column_c60667-dc > .kt-inside-inner-col{border-top-width:0px;border-right-width:0px;border-bottom-width:0px;border-left-width:0px;}.kadence-column_c60667-dc > .kt-inside-inner-col,.kadence-column_c60667-dc > .kt-inside-inner-col:before{border-top-left-radius:0px;border-top-right-radius:0px;border-bottom-right-radius:0px;border-bottom-left-radius:0px;}.kadence-column_c60667-dc > .kt-inside-inner-col{column-gap:var(--global-kb-gap-sm, 1rem);}.kadence-column_c60667-dc > .kt-inside-inner-col{flex-direction:column;}.kadence-column_c60667-dc > .kt-inside-inner-col > .aligncenter{width:100%;}.kadence-column_c60667-dc > .kt-inside-inner-col:before{opacity:0.3;}.kadence-column_c60667-dc{position:relative;}@media all and (max-width: 1024px){.kadence-column_c60667-dc > .kt-inside-inner-col{flex-direction:column;justify-content:center;}}@media all and (max-width: 767px){.kadence-column_c60667-dc > .kt-inside-inner-col{flex-direction:column;justify-content:center;}}<\/style>\n<div class=\"wp-block-kadence-column inner-column-2 kadence-column_c60667-dc\"><div class=\"kt-inside-inner-col\">\n<ul class=\"wp-block-list\"><li>Servir de \u00f3rgano de asesor\u00eda y trabajo en la conducci\u00f3n estrat\u00e9gica para enfrentar las situaciones que puedan demandar los estados de excepci\u00f3n constitucional y, en particular, los casos de guerra externa o crisis internacional que afecte a la seguridad exterior de la Rep\u00fablica. <\/li><\/ul>\n\n\n\n<ul class=\"wp-block-list\"><li>Elaborar y mantener actualizada la planificaci\u00f3n secundaria.<\/li><\/ul>\n\n\n\n<ul class=\"wp-block-list\"><li>Proponer al Ministro el texto de los informes al Congreso Nacional sobre las pol\u00edticas y planes de la defensa nacional, en aquellas materias que sean de su competencia. Le corresponder\u00e1 especialmente, y en coordinaci\u00f3n con la Subsecretar\u00eda para las Fuerzas Armadas, proponer el texto de los informes al Congreso Nacional relativos a la planificaci\u00f3n de desarrollo de la fuerza y sobre el estado de avance de su ejecuci\u00f3n.<\/li><\/ul>\n\n\n\n<ul class=\"wp-block-list\"><li>Asegurar la correspondencia, en materia de desarrollo y empleo de la fuerza, entre la planificaci\u00f3n secundaria y la planificaci\u00f3n institucional y operativa. <\/li><\/ul>\n\n\n\n<ul class=\"wp-block-list\"><li>Proponer al Ministro la doctrina y reglamentaci\u00f3n conjunta y asegurar que la documentaci\u00f3n institucional respectiva corresponda con aqu\u00e9llas. <\/li><\/ul>\n\n\n\n<ul class=\"wp-block-list\"><li>Planificar, preparar, disponer y apoyar el entrenamiento conjunto de las Fuerzas Armadas.<\/li><\/ul>\n\n\n\n<ul class=\"wp-block-list\"><li>Servir de \u00f3rgano de asesor\u00eda y trabajo para la planificaci\u00f3n y coordinaci\u00f3n de las actividades de los medios chilenos que participen en misiones de paz. <\/li><\/ul>\n\n\n\n<ul class=\"wp-block-list\"><li>Participar en la evaluaci\u00f3n de los proyectos de adquisici\u00f3n e inversi\u00f3n de las Fuerzas Armadas. <\/li><\/ul>\n\n\n\n<ul class=\"wp-block-list\"><li>Elaborar y proponer al Ministro los proyectos de adquisici\u00f3n e inversi\u00f3n conjuntos. <\/li><\/ul>\n\n\n\n<ul class=\"wp-block-list\"><li>Proveer de inteligencia a la Subsecretar\u00eda de Defensa para efectos de la planificaci\u00f3n primaria. Para todos los efectos de la&nbsp;<a href=\"https:\/\/www.leychile.cl\/Navegar?idNorma=230999&amp;idParte=0&amp;idVersion=\">ley N\u00ba 19.974<\/a>, se entender\u00e1 que la Direcci\u00f3n de Inteligencia de la Defensa, dependiente del Estado Mayor de la Defensa Nacional, mantendr\u00e1 dicha condici\u00f3n y denominaci\u00f3n en la estructura para el Estado Mayor Conjunto fijada en esta ley.<\/li><\/ul>\n<\/div><\/div>\n\n\n<style>.kadence-column_2830ed-70 > .kt-inside-inner-col{border-top-width:0px;border-right-width:0px;border-bottom-width:0px;border-left-width:0px;}.kadence-column_2830ed-70 > .kt-inside-inner-col,.kadence-column_2830ed-70 > .kt-inside-inner-col:before{border-top-left-radius:0px;border-top-right-radius:0px;border-bottom-right-radius:0px;border-bottom-left-radius:0px;}.kadence-column_2830ed-70 > .kt-inside-inner-col{column-gap:var(--global-kb-gap-sm, 1rem);}.kadence-column_2830ed-70 > .kt-inside-inner-col{flex-direction:column;}.kadence-column_2830ed-70 > .kt-inside-inner-col > .aligncenter{width:100%;}.kadence-column_2830ed-70 > .kt-inside-inner-col:before{opacity:0.3;}.kadence-column_2830ed-70{position:relative;}@media all and (max-width: 1024px){.kadence-column_2830ed-70 > .kt-inside-inner-col{flex-direction:column;justify-content:center;}}@media all and (max-width: 767px){.kadence-column_2830ed-70 > .kt-inside-inner-col{flex-direction:column;justify-content:center;}}<\/style>\n<div class=\"wp-block-kadence-column inner-column-3 kadence-column_2830ed-70\"><div class=\"kt-inside-inner-col\"><\/div><\/div>\n<\/div><\/div><\/div>\n","protected":false},"excerpt":{"rendered":"<p>Ley 20.424, T\u00edtulo III, Art\u00edculo 25 Servir de \u00f3rgano de asesor\u00eda y trabajo en la conducci\u00f3n estrat\u00e9gica para enfrentar las situaciones que puedan demandar los estados de excepci\u00f3n constitucional y, en particular, los casos de guerra externa o crisis internacional que afecte a la seguridad exterior de la Rep\u00fablica. Elaborar y mantener actualizada la planificaci\u00f3n&#8230;<\/p>\n","protected":false},"author":4,"featured_media":0,"parent":0,"menu_order":0,"comment_status":"closed","ping_status":"closed","template":"","meta":{"_kad_post_transparent":"","_kad_post_title":"","_kad_post_layout":"normal","_kad_post_sidebar_id":"","_kad_post_content_style":"","_kad_post_vertical_padding":"","_kad_post_feature":"","_kad_post_feature_position":"","_kad_post_header":false,"_kad_post_footer":false,"footnotes":""},"class_list":["post-484","page","type-page","status-publish","hentry"],"_links":{"self":[{"href":"https:\/\/www.emco.mil.cl\/index.php\/wp-json\/wp\/v2\/pages\/484","targetHints":{"allow":["GET"]}}],"collection":[{"href":"https:\/\/www.emco.mil.cl\/index.php\/wp-json\/wp\/v2\/pages"}],"about":[{"href":"https:\/\/www.emco.mil.cl\/index.php\/wp-json\/wp\/v2\/types\/page"}],"author":[{"embeddable":true,"href":"https:\/\/www.emco.mil.cl\/index.php\/wp-json\/wp\/v2\/users\/4"}],"replies":[{"embeddable":true,"href":"https:\/\/www.emco.mil.cl\/index.php\/wp-json\/wp\/v2\/comments?post=484"}],"version-history":[{"count":9,"href":"https:\/\/www.emco.mil.cl\/index.php\/wp-json\/wp\/v2\/pages\/484\/revisions"}],"predecessor-version":[{"id":7960,"href":"https:\/\/www.emco.mil.cl\/index.php\/wp-json\/wp\/v2\/pages\/484\/revisions\/7960"}],"wp:attachment":[{"href":"https:\/\/www.emco.mil.cl\/index.php\/wp-json\/wp\/v2\/media?parent=484"}],"curies":[{"name":"wp","href":"https:\/\/api.w.org\/{rel}","templated":true}]}}