{"id":177,"date":"2021-08-25T09:53:44","date_gmt":"2021-08-25T13:53:44","guid":{"rendered":"http:\/\/10.195.30.25\/?page_id=177"},"modified":"2024-09-23T09:39:37","modified_gmt":"2024-09-23T12:39:37","slug":"gestion-de-emergencia","status":"publish","type":"page","link":"https:\/\/www.emco.mil.cl\/index.php\/gestion-de-emergencia\/","title":{"rendered":"GESTI\u00d3N DE EMERGENCIA"},"content":{"rendered":"\n<p>El Estado Mayor Conjunto desarrolla la Gesti\u00f3n en Emergencias, tarea que recae en la Direcci\u00f3n de Operaciones y Conducci\u00f3n Conjunta (DOPCON), Departamento de Conducci\u00f3n Militar en Desastres, quienes asesoran al Jefe del Estado Mayor Conjunto y por su intermedio al Ministro de Defensa Nacional, en materias y actividades que le competen a las FF.AA. en el \u00e1mbito de las emergencias y cat\u00e1strofes, desarrollando las siguientes tareas principales:<\/p>\n\n\n\n<ul class=\"wp-block-list\">\n<li>Participar como integrantes del Sistema Nacional de Preparaci\u00f3n y Respuesta ante Desastres, para contribuir en su alistamiento y coordinar el empleo de recursos y capacidades institucionales en emergencias y desastres.<\/li>\n\n\n\n<li>Integra la Plataforma Nacional de Reducci\u00f3n del Riesgo de Desastres y fomenta las relaciones inter-ag\u00e9nciales con entidades humanitarias y de la sociedad civil, de \u00edndole p\u00fablica o privada, con organizaciones no gubernamentales y con organismos internacionales relacionados con la Estrategia Internacional de Reducci\u00f3n del Riesgo.<\/li>\n\n\n\n<li>Efect\u00faa un seguimiento a los compromisos internacionales adquiridos por el Estado de Chile en el \u00e1mbito de la Defensa Nacional, en cuanto a \u201cGesti\u00f3n del Riesgo de Desastres\u201d, asistencia humanitaria y cooperaci\u00f3n internacional ante cat\u00e1strofes originadas por la naturaleza y\/o derivadas de la acci\u00f3n del hombre.<\/li>\n\n\n\n<li>Desarrolla, actualiza y propone la doctrina sobre reducci\u00f3n del riesgo de desastres, para su conocimiento y aplicaci\u00f3n por parte de las instituciones de la Defensa Nacional.<\/li>\n<\/ul>\n\n\n<style>.kb-gallery-id-177_54c77b-f5.kb-gallery-ul.kb-gallery-type-fluidcarousel .kt-blocks-carousel figure .kb-gal-image-radius, .kb-gallery-id-177_54c77b-f5.kb-gallery-ul.kb-gallery-type-fluidcarousel .kt-blocks-carousel figure .kb-gal-image-radius img{height:300px;}.kb-gallery-id-177_54c77b-f5 .kadence-blocks-gallery-item .kb-gal-image-radius, .kb-gallery-id-177_54c77b-f5 .kb-slide-item .kb-gal-image-radius img{border-radius:0px 0px 0px 0px;;}.kb-gallery-wrap-id-177_54c77b-f5.wp-block-kadence-advancedgallery{overflow:visible;}.kb-gallery-wrap-id-177_54c77b-f5.wp-block-kadence-advancedgallery .kt-blocks-carousel{overflow:visible;max-width:100%;}<\/style><div class=\"kb-gallery-wrap-id-177_54c77b-f5 alignnone wp-block-kadence-advancedgallery\"><div class=\"kb-gallery-ul kb-gallery-non-static kb-gallery-type-fluidcarousel kb-gallery-id-177_54c77b-f5 kb-gallery-caption-style-bottom-hover kb-gallery-filter-none\" data-image-filter=\"none\" data-lightbox-caption=\"true\"><div class=\"kt-blocks-carousel kt-carousel-container-dotstyle-dark\"><div class=\"kt-blocks-carousel-init kb-blocks-fluid-carousel kt-carousel-arrowstyle-whiteondark kt-carousel-dotstyle-dark kb-slider-group-arrow kb-slider-arrow-position-center\" data-slider-anim-speed=\"400\" data-slider-scroll=\"1\" data-slider-arrows=\"true\" data-slider-dots=\"true\" data-slider-hover-pause=\"false\" data-slider-auto=\"\" data-slider-speed=\"7000\" data-slider-type=\"fluidcarousel\" data-slider-center-mode=\"true\" data-slider-gap=\"10px\" data-slider-gap-tablet=\"10px\" data-slider-gap-mobile=\"10px\" data-show-pause-button=\"false\"><li class=\"kb-slide-item kb-gallery-carousel-item\"><div class=\"kadence-blocks-gallery-item\"><div class=\"kadence-blocks-gallery-item-inner\"><figure class=\"kb-gallery-figure kadence-blocks-gallery-item-hide-caption\"><div class=\"kb-gal-image-radius\"><div class=\"kb-gallery-image-contain\" ><img fetchpriority=\"high\" decoding=\"async\" src=\"https:\/\/www.emco.mil.cl\/wp-content\/uploads\/2024\/09\/2024.09.22.1.jpg\" width=\"630\" height=\"297\" alt=\"\" data-full-image=\"https:\/\/www.emco.mil.cl\/wp-content\/uploads\/2024\/09\/2024.09.22.1.jpg\" data-light-image=\"https:\/\/www.emco.mil.cl\/wp-content\/uploads\/2024\/09\/2024.09.22.1.jpg\" data-id=\"11617\" class=\"wp-image-11617 skip-lazy\" srcset=\"https:\/\/www.emco.mil.cl\/wp-content\/uploads\/2024\/09\/2024.09.22.1.jpg 630w, https:\/\/www.emco.mil.cl\/wp-content\/uploads\/2024\/09\/2024.09.22.1-300x141.jpg 300w\" sizes=\"(max-width: 630px) 100vw, 630px\" \/><\/div><\/div><\/figure><\/div><\/div><\/li><li class=\"kb-slide-item kb-gallery-carousel-item\"><div class=\"kadence-blocks-gallery-item\"><div class=\"kadence-blocks-gallery-item-inner\"><figure class=\"kb-gallery-figure kadence-blocks-gallery-item-hide-caption\"><div class=\"kb-gal-image-radius\"><div class=\"kb-gallery-image-contain\" ><img decoding=\"async\" src=\"https:\/\/www.emco.mil.cl\/wp-content\/uploads\/2024\/09\/2024.09.22.2.jpg\" width=\"630\" height=\"297\" alt=\"\" data-full-image=\"https:\/\/www.emco.mil.cl\/wp-content\/uploads\/2024\/09\/2024.09.22.2.jpg\" data-light-image=\"https:\/\/www.emco.mil.cl\/wp-content\/uploads\/2024\/09\/2024.09.22.2.jpg\" data-id=\"11618\" class=\"wp-image-11618 skip-lazy\" srcset=\"https:\/\/www.emco.mil.cl\/wp-content\/uploads\/2024\/09\/2024.09.22.2.jpg 630w, https:\/\/www.emco.mil.cl\/wp-content\/uploads\/2024\/09\/2024.09.22.2-300x141.jpg 300w\" sizes=\"(max-width: 630px) 100vw, 630px\" \/><\/div><\/div><\/figure><\/div><\/div><\/li><li class=\"kb-slide-item kb-gallery-carousel-item\"><div class=\"kadence-blocks-gallery-item\"><div class=\"kadence-blocks-gallery-item-inner\"><figure class=\"kb-gallery-figure kadence-blocks-gallery-item-hide-caption\"><div class=\"kb-gal-image-radius\"><div class=\"kb-gallery-image-contain\" ><img decoding=\"async\" src=\"https:\/\/www.emco.mil.cl\/wp-content\/uploads\/2024\/09\/2024.09.22.3.jpg\" width=\"630\" height=\"297\" alt=\"\" data-full-image=\"https:\/\/www.emco.mil.cl\/wp-content\/uploads\/2024\/09\/2024.09.22.3.jpg\" data-light-image=\"https:\/\/www.emco.mil.cl\/wp-content\/uploads\/2024\/09\/2024.09.22.3.jpg\" data-id=\"11619\" class=\"wp-image-11619 skip-lazy\" srcset=\"https:\/\/www.emco.mil.cl\/wp-content\/uploads\/2024\/09\/2024.09.22.3.jpg 630w, https:\/\/www.emco.mil.cl\/wp-content\/uploads\/2024\/09\/2024.09.22.3-300x141.jpg 300w\" sizes=\"(max-width: 630px) 100vw, 630px\" \/><\/div><\/div><\/figure><\/div><\/div><\/li><li class=\"kb-slide-item kb-gallery-carousel-item\"><div class=\"kadence-blocks-gallery-item\"><div class=\"kadence-blocks-gallery-item-inner\"><figure class=\"kb-gallery-figure kadence-blocks-gallery-item-hide-caption\"><div class=\"kb-gal-image-radius\"><div class=\"kb-gallery-image-contain\" ><img loading=\"lazy\" decoding=\"async\" src=\"https:\/\/www.emco.mil.cl\/wp-content\/uploads\/2024\/09\/2024.09.22.4.jpg\" width=\"630\" height=\"297\" alt=\"\" data-full-image=\"https:\/\/www.emco.mil.cl\/wp-content\/uploads\/2024\/09\/2024.09.22.4.jpg\" data-light-image=\"https:\/\/www.emco.mil.cl\/wp-content\/uploads\/2024\/09\/2024.09.22.4.jpg\" data-id=\"11620\" class=\"wp-image-11620 skip-lazy\" srcset=\"https:\/\/www.emco.mil.cl\/wp-content\/uploads\/2024\/09\/2024.09.22.4.jpg 630w, https:\/\/www.emco.mil.cl\/wp-content\/uploads\/2024\/09\/2024.09.22.4-300x141.jpg 300w\" sizes=\"(max-width: 630px) 100vw, 630px\" \/><\/div><\/div><\/figure><\/div><\/div><\/li><li class=\"kb-slide-item kb-gallery-carousel-item\"><div class=\"kadence-blocks-gallery-item\"><div class=\"kadence-blocks-gallery-item-inner\"><figure class=\"kb-gallery-figure kadence-blocks-gallery-item-hide-caption\"><div class=\"kb-gal-image-radius\"><div class=\"kb-gallery-image-contain\" ><img loading=\"lazy\" decoding=\"async\" src=\"https:\/\/www.emco.mil.cl\/wp-content\/uploads\/2024\/09\/2024.09.22.5.jpg\" width=\"630\" height=\"297\" alt=\"\" data-full-image=\"https:\/\/www.emco.mil.cl\/wp-content\/uploads\/2024\/09\/2024.09.22.5.jpg\" data-light-image=\"https:\/\/www.emco.mil.cl\/wp-content\/uploads\/2024\/09\/2024.09.22.5.jpg\" data-id=\"11621\" class=\"wp-image-11621 skip-lazy\" srcset=\"https:\/\/www.emco.mil.cl\/wp-content\/uploads\/2024\/09\/2024.09.22.5.jpg 630w, https:\/\/www.emco.mil.cl\/wp-content\/uploads\/2024\/09\/2024.09.22.5-300x141.jpg 300w\" sizes=\"(max-width: 630px) 100vw, 630px\" \/><\/div><\/div><\/figure><\/div><\/div><\/li><li class=\"kb-slide-item kb-gallery-carousel-item\"><div class=\"kadence-blocks-gallery-item\"><div class=\"kadence-blocks-gallery-item-inner\"><figure class=\"kb-gallery-figure kadence-blocks-gallery-item-hide-caption\"><div class=\"kb-gal-image-radius\"><div class=\"kb-gallery-image-contain\" ><img loading=\"lazy\" decoding=\"async\" src=\"https:\/\/www.emco.mil.cl\/wp-content\/uploads\/2024\/09\/2024.09.22.6.jpg\" width=\"630\" height=\"297\" alt=\"\" data-full-image=\"https:\/\/www.emco.mil.cl\/wp-content\/uploads\/2024\/09\/2024.09.22.6.jpg\" data-light-image=\"https:\/\/www.emco.mil.cl\/wp-content\/uploads\/2024\/09\/2024.09.22.6.jpg\" data-id=\"11622\" class=\"wp-image-11622 skip-lazy\" srcset=\"https:\/\/www.emco.mil.cl\/wp-content\/uploads\/2024\/09\/2024.09.22.6.jpg 630w, https:\/\/www.emco.mil.cl\/wp-content\/uploads\/2024\/09\/2024.09.22.6-300x141.jpg 300w\" sizes=\"(max-width: 630px) 100vw, 630px\" \/><\/div><\/div><\/figure><\/div><\/div><\/li><li class=\"kb-slide-item kb-gallery-carousel-item\"><div class=\"kadence-blocks-gallery-item\"><div class=\"kadence-blocks-gallery-item-inner\"><figure class=\"kb-gallery-figure kadence-blocks-gallery-item-hide-caption\"><div class=\"kb-gal-image-radius\"><div class=\"kb-gallery-image-contain\" ><img loading=\"lazy\" decoding=\"async\" src=\"https:\/\/www.emco.mil.cl\/wp-content\/uploads\/2024\/09\/2024.09.22.7.jpg\" width=\"630\" height=\"297\" alt=\"\" data-full-image=\"https:\/\/www.emco.mil.cl\/wp-content\/uploads\/2024\/09\/2024.09.22.7.jpg\" data-light-image=\"https:\/\/www.emco.mil.cl\/wp-content\/uploads\/2024\/09\/2024.09.22.7.jpg\" data-id=\"11623\" class=\"wp-image-11623 skip-lazy\" srcset=\"https:\/\/www.emco.mil.cl\/wp-content\/uploads\/2024\/09\/2024.09.22.7.jpg 630w, https:\/\/www.emco.mil.cl\/wp-content\/uploads\/2024\/09\/2024.09.22.7-300x141.jpg 300w\" sizes=\"(max-width: 630px) 100vw, 630px\" \/><\/div><\/div><\/figure><\/div><\/div><\/li><li class=\"kb-slide-item kb-gallery-carousel-item\"><div class=\"kadence-blocks-gallery-item\"><div class=\"kadence-blocks-gallery-item-inner\"><figure class=\"kb-gallery-figure kadence-blocks-gallery-item-hide-caption\"><div class=\"kb-gal-image-radius\"><div class=\"kb-gallery-image-contain\" ><img loading=\"lazy\" decoding=\"async\" src=\"https:\/\/www.emco.mil.cl\/wp-content\/uploads\/2024\/09\/2024.09.22.8.jpg\" width=\"630\" height=\"297\" alt=\"\" data-full-image=\"https:\/\/www.emco.mil.cl\/wp-content\/uploads\/2024\/09\/2024.09.22.8.jpg\" data-light-image=\"https:\/\/www.emco.mil.cl\/wp-content\/uploads\/2024\/09\/2024.09.22.8.jpg\" data-id=\"11624\" class=\"wp-image-11624 skip-lazy\" srcset=\"https:\/\/www.emco.mil.cl\/wp-content\/uploads\/2024\/09\/2024.09.22.8.jpg 630w, https:\/\/www.emco.mil.cl\/wp-content\/uploads\/2024\/09\/2024.09.22.8-300x141.jpg 300w\" sizes=\"(max-width: 630px) 100vw, 630px\" \/><\/div><\/div><\/figure><\/div><\/div><\/li><\/div><\/div><\/div><\/div>","protected":false},"excerpt":{"rendered":"<p>El Estado Mayor Conjunto desarrolla la Gesti\u00f3n en Emergencias, tarea que recae en la Direcci\u00f3n de Operaciones y Conducci\u00f3n Conjunta (DOPCON), Departamento de Conducci\u00f3n Militar en Desastres, quienes asesoran al Jefe del Estado Mayor Conjunto y por su intermedio al Ministro de Defensa Nacional, en materias y actividades que le competen a las FF.AA. en&#8230;<\/p>\n","protected":false},"author":4,"featured_media":0,"parent":0,"menu_order":0,"comment_status":"closed","ping_status":"closed","template":"","meta":{"_kad_post_transparent":"","_kad_post_title":"","_kad_post_layout":"","_kad_post_sidebar_id":"","_kad_post_content_style":"","_kad_post_vertical_padding":"","_kad_post_feature":"","_kad_post_feature_position":"","_kad_post_header":false,"_kad_post_footer":false,"footnotes":""},"class_list":["post-177","page","type-page","status-publish","hentry"],"_links":{"self":[{"href":"https:\/\/www.emco.mil.cl\/index.php\/wp-json\/wp\/v2\/pages\/177","targetHints":{"allow":["GET"]}}],"collection":[{"href":"https:\/\/www.emco.mil.cl\/index.php\/wp-json\/wp\/v2\/pages"}],"about":[{"href":"https:\/\/www.emco.mil.cl\/index.php\/wp-json\/wp\/v2\/types\/page"}],"author":[{"embeddable":true,"href":"https:\/\/www.emco.mil.cl\/index.php\/wp-json\/wp\/v2\/users\/4"}],"replies":[{"embeddable":true,"href":"https:\/\/www.emco.mil.cl\/index.php\/wp-json\/wp\/v2\/comments?post=177"}],"version-history":[{"count":9,"href":"https:\/\/www.emco.mil.cl\/index.php\/wp-json\/wp\/v2\/pages\/177\/revisions"}],"predecessor-version":[{"id":11625,"href":"https:\/\/www.emco.mil.cl\/index.php\/wp-json\/wp\/v2\/pages\/177\/revisions\/11625"}],"wp:attachment":[{"href":"https:\/\/www.emco.mil.cl\/index.php\/wp-json\/wp\/v2\/media?parent=177"}],"curies":[{"name":"wp","href":"https:\/\/api.w.org\/{rel}","templated":true}]}}